000
CDUS43 KLMK 220627
CLISDF


CLIMATE REPORT
NATIONAL WEATHER SERVICE LOUISVILLE KY
227 AM EDT FRI APR 22 2016


...................................

...THE LOUISVILLE KY CLIMATE SUMMARY FOR APRIL 21 2016...

CLIMATE NORMAL PERIOD 1981 TO 2010
CLIMATE RECORD PERIOD 1871 TO 2016


WEATHER ITEM   OBSERVED TIME   RECORD YEAR NORMAL DEPARTURE LAST
                VALUE   (LST)  VALUE       VALUE  FROM      YEAR
                                                  NORMAL
..................................................................
TEMPERATURE (F)
 YESTERDAY
  MAXIMUM         74    111 PM  86    1987  71      3       68
                                      1963
                                      1902
  MINIMUM         59   1102 PM  32    1888  49     10       46
  AVERAGE         67                        60      7       57

PRECIPITATION (IN)
  YESTERDAY        0.28          1.65 1984   0.14   0.14     0.00
  MONTH TO DATE    1.24                      2.67  -1.43    10.59
  SINCE MAR 1      6.74                      6.84  -0.10    18.39
  SINCE JAN 1     12.56                     13.26  -0.70    21.49

SNOWFALL (IN)
  YESTERDAY        0.0           T    1901   0.0    0.0      0.0
                                      1893
  MONTH TO DATE    0.0                       0.1   -0.1      0.0
  SINCE MAR 1      0.5                       1.5   -1.0     11.9
  SINCE JUL 1     14.9                      12.5    2.4     27.6
  SNOW DEPTH       0

DEGREE DAYS
 HEATING
  YESTERDAY        0                         7     -7        8
  MONTH TO DATE  197                       197      0       84
  SINCE MAR 1    533                       735   -202      650
  SINCE JUL 1   3155                      3976   -821     4270

 COOLING
  YESTERDAY        2                         2      0        0
  MONTH TO DATE   31                        23      8       41
  SINCE MAR 1     38                        29      9       42
  SINCE JAN 1     38                        29      9       42
..................................................................


WIND (MPH)
  HIGHEST WIND SPEED    22   HIGHEST WIND DIRECTION     W (250)
  HIGHEST GUST SPEED    30   HIGHEST GUST DIRECTION     W (280)
  AVERAGE WIND SPEED     8.5


SKY COVER
  POSSIBLE SUNSHINE  MM
  AVERAGE SKY COVER 0.9


WEATHER CONDITIONS
 THE FOLLOWING WEATHER WAS RECORDED YESTERDAY.
  THUNDERSTORM
  HEAVY RAIN
  RAIN
  LIGHT RAIN
  FOG


RELATIVE HUMIDITY (PERCENT)
 HIGHEST    90           400 PM
 LOWEST     53          1200 PM
 AVERAGE    72

..........................................................


THE LOUISVILLE KY CLIMATE NORMALS FOR TODAY
                         NORMAL    RECORD    YEAR
 MAXIMUM TEMPERATURE (F)   71        88      1960
 MINIMUM TEMPERATURE (F)   49        32      1936


SUNRISE AND SUNSET
APRIL 22 2016.........SUNRISE   657 AM EDT   SUNSET   826 PM EDT
APRIL 23 2016.........SUNRISE   656 AM EDT   SUNSET   827 PM EDT


-  INDICATES NEGATIVE NUMBERS.
R  INDICATES RECORD WAS SET OR TIED.
MM INDICATES DATA IS MISSING.
T  INDICATES TRACE AMOUNT.




$$
