000
CDUS43 KLMK 170632
CLISDF


CLIMATE REPORT
NATIONAL WEATHER SERVICE LOUISVILLE KY
230 AM EDT FRI OCT 17 2014


...................................

...THE LOUISVILLE KY CLIMATE SUMMARY FOR OCTOBER 16 2014...

CLIMATE NORMAL PERIOD 1981 TO 2010
CLIMATE RECORD PERIOD 1871 TO 2014


WEATHER ITEM   OBSERVED TIME   RECORD YEAR NORMAL DEPARTURE LAST
                VALUE   (LST)  VALUE       VALUE  FROM      YEAR
                                                  NORMAL
..................................................................
TEMPERATURE (F)
 YESTERDAY
  MAXIMUM         61   1233 PM  89    1947  70     -9       68
  MINIMUM         54   1159 PM  30    1876  49      5       53
  AVERAGE         58                        59     -1       61

PRECIPITATION (IN)
  YESTERDAY        T             1.79 1925   0.10  -0.10     0.01
  MONTH TO DATE    3.03                      1.68   1.35     7.58
  SINCE SEP 1      6.34                      4.73   1.61    10.28
  SINCE JAN 1     37.51                     35.95   1.56    42.09

SNOWFALL (IN)
  YESTERDAY        0.0           0.0    MM   0.0    0.0      0.0
  MONTH TO DATE    0.0                       0.0    0.0      0.0
  SINCE SEP 1      0.0                       0.0    0.0      0.0
  SINCE JUL 1      0.0                       0.0    0.0      0.0
  SNOW DEPTH       0

DEGREE DAYS
 HEATING
  YESTERDAY        7                         7      0        4
  MONTH TO DATE   65                        81    -16       24
  SINCE SEP 1     78                       111    -33       30
  SINCE JUL 1     78                       111    -33       30

 COOLING
  YESTERDAY        0                         1     -1        0
  MONTH TO DATE   25                        31     -6       53
  SINCE SEP 1    228                       241    -13      288
  SINCE JAN 1   1620                      1598     22     1628
..................................................................


WIND (MPH)
  HIGHEST WIND SPEED    15   HIGHEST WIND DIRECTION     W (250)
  HIGHEST GUST SPEED    21   HIGHEST GUST DIRECTION    SW (240)
  AVERAGE WIND SPEED    10.4


SKY COVER
  POSSIBLE SUNSHINE  MM
  AVERAGE SKY COVER 0.9


WEATHER CONDITIONS
 THE FOLLOWING WEATHER WAS RECORDED YESTERDAY.
  LIGHT RAIN
  FOG


RELATIVE HUMIDITY (PERCENT)
 HIGHEST    93           300 AM
 LOWEST     75           100 PM
 AVERAGE    84

..........................................................


THE LOUISVILLE KY CLIMATE NORMALS FOR TODAY
                         NORMAL    RECORD    YEAR
 MAXIMUM TEMPERATURE (F)   70        87      1965
                                             1950
 MINIMUM TEMPERATURE (F)   48        32      1948


SUNRISE AND SUNSET
OCTOBER 17 2014.......SUNRISE   754 AM EDT   SUNSET   702 PM EDT
OCTOBER 18 2014.......SUNRISE   755 AM EDT   SUNSET   701 PM EDT


-  INDICATES NEGATIVE NUMBERS.
R  INDICATES RECORD WAS SET OR TIED.
MM INDICATES DATA IS MISSING.
T  INDICATES TRACE AMOUNT.




$$
