000
CDUS43 KLMK 190633
CLISDF


CLIMATE REPORT
NATIONAL WEATHER SERVICE LOUISVILLE KY
233 AM EDT SUN MAR 19 2017


...................................

...THE LOUISVILLE KY CLIMATE SUMMARY FOR MARCH 18 2017...

CLIMATE NORMAL PERIOD 1981 TO 2010
CLIMATE RECORD PERIOD 1871 TO 2017


WEATHER ITEM   OBSERVED TIME   RECORD YEAR NORMAL DEPARTURE LAST
                VALUE   (LST)  VALUE       VALUE  FROM      YEAR
                                                  NORMAL
..................................................................
TEMPERATURE (F)
 YESTERDAY
  MAXIMUM         52    454 AM  82    2012  59     -7       65
                                      1982
  MINIMUM         38   1159 PM  12    1941  38      0       41
                                      1902
  AVERAGE         45                        48     -3       53

PRECIPITATION (IN)
  YESTERDAY        0.00          2.69 1997   0.14  -0.14     0.00
  MONTH TO DATE    2.54                      2.34   0.20     2.76
  SINCE MAR 1      2.54                      2.34   0.20     2.76
  SINCE JAN 1      8.81                      8.76   0.05     8.58

SNOWFALL (IN)
  YESTERDAY        0.0           2.0  1934   0.0    0.0      0.0
  MONTH TO DATE    T                         1.0   -1.0      0.5
  SINCE MAR 1      T                         1.0   -1.0      0.5
  SINCE JUL 1      2.7                      12.0   -9.3     14.9
  SNOW DEPTH       0

DEGREE DAYS
 HEATING
  YESTERDAY       20                        17      3       12
  MONTH TO DATE  365                       351     14      195
  SINCE MAR 1    365                       351     14      195
  SINCE JUL 1   2830                      3592   -762     2817

 COOLING
  YESTERDAY        0                         0      0        0
  MONTH TO DATE    0                         0      0        6
  SINCE MAR 1      0                         0      0        6
  SINCE JAN 1      5                         0      5        6
..................................................................


WIND (MPH)
  HIGHEST WIND SPEED    25   HIGHEST WIND DIRECTION     W (280)
  HIGHEST GUST SPEED    30   HIGHEST GUST DIRECTION    NW (320)
  AVERAGE WIND SPEED    11.2


SKY COVER
  POSSIBLE SUNSHINE  MM
  AVERAGE SKY COVER 0.8


WEATHER CONDITIONS
 THE FOLLOWING WEATHER WAS RECORDED YESTERDAY.
  FOG
  FOG W/VISIBILITY <= 1/4 MILE
  HAZE


RELATIVE HUMIDITY (PERCENT)
 HIGHEST    96           400 AM
 LOWEST     45          1200 PM
 AVERAGE    71

..........................................................


THE LOUISVILLE KY CLIMATE NORMALS FOR TODAY
                         NORMAL    RECORD    YEAR
 MAXIMUM TEMPERATURE (F)   59        84      2012
 MINIMUM TEMPERATURE (F)   39        12      1923


SUNRISE AND SUNSET
MARCH 19 2017.........SUNRISE   748 AM EDT   SUNSET   754 PM EDT
MARCH 20 2017.........SUNRISE   746 AM EDT   SUNSET   755 PM EDT


-  INDICATES NEGATIVE NUMBERS.
R  INDICATES RECORD WAS SET OR TIED.
MM INDICATES DATA IS MISSING.
T  INDICATES TRACE AMOUNT.




$$
