000
CDUS43 KLMK 252130
CLISDF


CLIMATE REPORT
NATIONAL WEATHER SERVICE LOUISVILLE KY
429 PM EST FRI NOV 25 2016


...................................

...THE LOUISVILLE KY CLIMATE SUMMARY FOR NOVEMBER 25 2016...
VALID TODAY AS OF 0400 PM LOCAL TIME.

CLIMATE NORMAL PERIOD 1981 TO 2010
CLIMATE RECORD PERIOD 1871 TO 2016


WEATHER ITEM   OBSERVED TIME   RECORD YEAR NORMAL DEPARTURE LAST
                VALUE   (LST)  VALUE       VALUE  FROM      YEAR
                                                  NORMAL
..................................................................
TEMPERATURE (F)
 TODAY
  MAXIMUM         46   1218 AM  75    1896  53     -7       62
  MINIMUM         41    715 AM  -1    1950  36      5       39
  AVERAGE         44                        45     -1       51

PRECIPITATION (IN)
  TODAY            0.00          2.19 2010   0.12  -0.12     0.00
  MONTH TO DATE    0.76                      2.94  -2.18     4.10
  SINCE SEP 1      3.69                      9.21  -5.52    11.40
  SINCE JAN 1     37.36                     40.43  -3.07    54.46

SNOWFALL (IN)
  TODAY            0.0           0.5  1891   0.0    0.0      0.0
  MONTH TO DATE    0.0                       0.1   -0.1      0.0
  SINCE SEP 1      0.0                       0.2   -0.2      0.0
  SINCE JUL 1      0.0                       0.2   -0.2      0.0
  SNOW DEPTH       0

DEGREE DAYS
 HEATING
  TODAY           21                        20      1       14
  MONTH TO DATE  301                       384    -83      311
  SINCE SEP 1    386                       626   -240      469
  SINCE JUL 1    386                       626   -240      469

 COOLING
  TODAY            0                         0      0        0
  MONTH TO DATE   19                         0     19        9
  SINCE SEP 1    474                       252    222      333
  SINCE JAN 1   2082                      1609    473     1787
..................................................................


WIND (MPH)
  HIGHEST WIND SPEED    13   HIGHEST WIND DIRECTION    NW (320)
  HIGHEST GUST SPEED    15   HIGHEST GUST DIRECTION    NW (330)
  AVERAGE WIND SPEED     7.2


SKY COVER
  POSSIBLE SUNSHINE  MM
  AVERAGE SKY COVER 1.0


WEATHER CONDITIONS
 THE FOLLOWING WEATHER WAS RECORDED TODAY.
  FOG
  HAZE


RELATIVE HUMIDITY (PERCENT)
 HIGHEST    83           100 AM
 LOWEST     67           300 PM
 AVERAGE    75

..........................................................


THE LOUISVILLE KY CLIMATE NORMALS FOR TOMORROW
                         NORMAL    RECORD    YEAR
 MAXIMUM TEMPERATURE (F)   53        73      1896
 MINIMUM TEMPERATURE (F)   36        14      1930
                                             1898


SUNRISE AND SUNSET
NOVEMBER 25 2016......SUNRISE   735 AM EST   SUNSET   525 PM EST
NOVEMBER 26 2016......SUNRISE   736 AM EST   SUNSET   524 PM EST


-  INDICATES NEGATIVE NUMBERS.
R  INDICATES RECORD WAS SET OR TIED.
MM INDICATES DATA IS MISSING.
T  INDICATES TRACE AMOUNT.




$$
