254
CDUS43 KLMK 160638
CLISDF


CLIMATE REPORT
NATIONAL WEATHER SERVICE LOUISVILLE KY
237 AM EDT SAT SEP 16 2017


...................................

...THE LOUISVILLE KY CLIMATE SUMMARY FOR SEPTEMBER 15 2017...

CLIMATE NORMAL PERIOD 1981 TO 2010
CLIMATE RECORD PERIOD 1871 TO 2017


WEATHER ITEM   OBSERVED TIME   RECORD YEAR NORMAL DEPARTURE LAST
                VALUE   (LST)  VALUE       VALUE  FROM      YEAR
                                                  NORMAL
..................................................................
TEMPERATURE (F)
 YESTERDAY
  MAXIMUM         84    425 PM  99    1897  82      2       88
  MINIMUM         61    641 AM  44    1902  61      0       70
  AVERAGE         73                        71      2       79

PRECIPITATION (IN)
  YESTERDAY        0.00          2.04 1881   0.11  -0.11     0.00
  MONTH TO DATE    4.74                      1.49   3.25     0.47
  SINCE SEP 1      4.74                      1.49   3.25     0.47
  SINCE JAN 1     34.15                     32.71   1.44    34.14

SNOWFALL (IN)
  YESTERDAY        0.0          MM      MM   0.0    0.0      0.0
  MONTH TO DATE    0.0                       0.0    0.0      0.0
  SINCE SEP 1      0.0                       0.0    0.0      0.0
  SINCE JUL 1      0.0                       0.0    0.0      0.0
  SNOW DEPTH       0

DEGREE DAYS
 HEATING
  YESTERDAY        0                         1     -1        0
  MONTH TO DATE   12                         1     11        0
  SINCE SEP 1     12                         1     11        0
  SINCE JUL 1     12                         1     11        0

 COOLING
  YESTERDAY        8                         7      1       14
  MONTH TO DATE   40                       138    -98      191
  SINCE SEP 1     40                       138    -98      191
  SINCE JAN 1   1534                      1495     39     1799
..................................................................


WIND (MPH)
  HIGHEST WIND SPEED     8   HIGHEST WIND DIRECTION     E (100)
  HIGHEST GUST SPEED    10   HIGHEST GUST DIRECTION     E (100)
  AVERAGE WIND SPEED     2.3


SKY COVER
  POSSIBLE SUNSHINE  MM
  AVERAGE SKY COVER 0.5


WEATHER CONDITIONS
 THE FOLLOWING WEATHER WAS RECORDED YESTERDAY.
  FOG
  FOG W/VISIBILITY <= 1/4 MILE
  HAZE


RELATIVE HUMIDITY (PERCENT)
 HIGHEST   100           200 AM
 LOWEST     48           400 PM
 AVERAGE    74

..........................................................


THE LOUISVILLE KY CLIMATE NORMALS FOR TODAY
                         NORMAL    RECORD    YEAR
 MAXIMUM TEMPERATURE (F)   82        96      1954
                                             1897
 MINIMUM TEMPERATURE (F)   61        44      1916


SUNRISE AND SUNSET
SEPTEMBER 16 2017.....SUNRISE   726 AM EDT   SUNSET   749 PM EDT
SEPTEMBER 17 2017.....SUNRISE   727 AM EDT   SUNSET   747 PM EDT


-  INDICATES NEGATIVE NUMBERS.
R  INDICATES RECORD WAS SET OR TIED.
MM INDICATES DATA IS MISSING.
T  INDICATES TRACE AMOUNT.




$$
