000
CDUS43 KLMK 220627
CLISDF


CLIMATE REPORT
NATIONAL WEATHER SERVICE LOUISVILLE KY
126 AM EST THU JAN 22 2015


...................................

...THE LOUISVILLE KY CLIMATE SUMMARY FOR JANUARY 21 2015...

CLIMATE NORMAL PERIOD 1981 TO 2010
CLIMATE RECORD PERIOD 1871 TO 2015


WEATHER ITEM   OBSERVED TIME   RECORD YEAR NORMAL DEPARTURE LAST
                VALUE   (LST)  VALUE       VALUE  FROM      YEAR
                                                  NORMAL
..................................................................
TEMPERATURE (F)
 YESTERDAY
  MAXIMUM         57    251 PM  72    1906  43     14       38
  MINIMUM         32   1139 PM -11    1985  27      5        9
  AVERAGE         45                        35     10       24

PRECIPITATION (IN)
  YESTERDAY        0.00          3.68 1937   0.10  -0.10     0.15
  MONTH TO DATE    0.62                      2.19  -1.57     2.28
  SINCE DEC 1      4.19                      6.02  -1.83     7.71
  SINCE JAN 1      0.62                      2.19  -1.57     2.28

SNOWFALL (IN)
  YESTERDAY        0.0           5.0  1926   0.1   -0.1      2.8
  MONTH TO DATE    T                         2.3   -2.3      5.6
  SINCE DEC 1      T                         4.9   -4.9     10.9
  SINCE JUL 1      3.7                       5.1   -1.4     11.4
  SNOW DEPTH       0

DEGREE DAYS
 HEATING
  YESTERDAY       20                        30    -10       41
  MONTH TO DATE  665                       630     35      695
  SINCE DEC 1   1401                      1471    -70     1506
  SINCE JUL 1   2287                      2206     81     2336

 COOLING
  YESTERDAY        0                         0      0        0
  MONTH TO DATE    0                         0      0        0
  SINCE DEC 1      0                         1     -1        0
  SINCE JAN 1      0                         0      0        0
..................................................................


WIND (MPH)
  HIGHEST WIND SPEED    24   HIGHEST WIND DIRECTION     W (260)
  HIGHEST GUST SPEED    30   HIGHEST GUST DIRECTION     W (260)
  AVERAGE WIND SPEED    10.4


SKY COVER
  POSSIBLE SUNSHINE  MM
  AVERAGE SKY COVER 0.4


WEATHER CONDITIONS
 THE FOLLOWING WEATHER WAS RECORDED YESTERDAY.
  HAZE


RELATIVE HUMIDITY (PERCENT)
 HIGHEST    85           900 AM
 LOWEST     32           300 PM
 AVERAGE    59

..........................................................


THE LOUISVILLE KY CLIMATE NORMALS FOR TODAY
                         NORMAL    RECORD    YEAR
 MAXIMUM TEMPERATURE (F)   43        69      1999
                                             1933
 MINIMUM TEMPERATURE (F)   27        -9      1936


SUNRISE AND SUNSET
JANUARY 22 2015.......SUNRISE   755 AM EST   SUNSET   554 PM EST
JANUARY 23 2015.......SUNRISE   754 AM EST   SUNSET   555 PM EST


-  INDICATES NEGATIVE NUMBERS.
R  INDICATES RECORD WAS SET OR TIED.
MM INDICATES DATA IS MISSING.
T  INDICATES TRACE AMOUNT.




$$
