000
CDUS43 KLMK 080629
CLISDF


CLIMATE REPORT
NATIONAL WEATHER SERVICE LOUISVILLE KY
128 AM EST THU FEB 8 2018


...................................

...THE LOUISVILLE KY CLIMATE SUMMARY FOR FEBRUARY 7 2018...

CLIMATE NORMAL PERIOD 1981 TO 2010
CLIMATE RECORD PERIOD 1871 TO 2018


WEATHER ITEM   OBSERVED TIME   RECORD YEAR NORMAL DEPARTURE LAST
                VALUE   (LST)  VALUE       VALUE  FROM      YEAR
                                                  NORMAL
..................................................................
TEMPERATURE (F)
 YESTERDAY
  MAXIMUM         34    336 PM  69    1925  46    -12       65
  MINIMUM         25   1159 PM  -1    1906  28     -3       55
  AVERAGE         30                        37     -7       60

PRECIPITATION (IN)
  YESTERDAY        0.70          1.09 1890   0.11   0.59     0.50
  MONTH TO DATE    1.06                      0.81   0.25     0.50
  SINCE DEC 1      5.55                      7.88  -2.33    10.01
  SINCE JAN 1      2.82                      4.05  -1.23     4.71

SNOWFALL (IN)
  YESTERDAY        0.0           3.1  1979   0.2   -0.2      0.0
  MONTH TO DATE    0.3                       1.3   -1.0      0.0
  SINCE DEC 1      5.5                       7.6   -2.1      2.7
  SINCE JUL 1      5.5                       7.8   -2.3      2.7
  SNOW DEPTH       0

DEGREE DAYS
 HEATING
  YESTERDAY       35                        28      7        5
  MONTH TO DATE  242                       200     42      158
  SINCE DEC 1   2098                      1974    124     1710
  SINCE JUL 1   2764                      2709     55     2177

 COOLING
  YESTERDAY        0                         0      0        0
  MONTH TO DATE    0                         0      0        0
  SINCE DEC 1      0                         1     -1        1
  SINCE JAN 1      0                         0      0        0
..................................................................


WIND (MPH)
  HIGHEST WIND SPEED    17   HIGHEST WIND DIRECTION     N (340)
  HIGHEST GUST SPEED    22   HIGHEST GUST DIRECTION     N (340)
  AVERAGE WIND SPEED    10.0


SKY COVER
  POSSIBLE SUNSHINE  MM
  AVERAGE SKY COVER 1.0


WEATHER CONDITIONS
 THE FOLLOWING WEATHER WAS RECORDED YESTERDAY.
  HEAVY RAIN
  RAIN
  LIGHT RAIN
  FREEZING RAIN
  LT FREEZING RAIN
  FOG
  HAZE


RELATIVE HUMIDITY (PERCENT)
 HIGHEST    89           100 AM
 LOWEST     72           500 PM
 AVERAGE    81

..........................................................


THE LOUISVILLE KY CLIMATE NORMALS FOR TODAY
                         NORMAL    RECORD    YEAR
 MAXIMUM TEMPERATURE (F)   46        73      1937
 MINIMUM TEMPERATURE (F)   28       -10      1895


SUNRISE AND SUNSET
FEBRUARY  8 2018......SUNRISE   741 AM EST   SUNSET   614 PM EST
FEBRUARY  9 2018......SUNRISE   740 AM EST   SUNSET   615 PM EST


-  INDICATES NEGATIVE NUMBERS.
R  INDICATES RECORD WAS SET OR TIED.
MM INDICATES DATA IS MISSING.
T  INDICATES TRACE AMOUNT.




$$
