000
CDUS43 KLMK 080634
CLISDF


CLIMATE REPORT
NATIONAL WEATHER SERVICE LOUISVILLE KY
234 AM EDT TUE APR 8 2014


...................................

...THE LOUISVILLE KY CLIMATE SUMMARY FOR APRIL 7 2014...

CLIMATE NORMAL PERIOD 1981 TO 2010
CLIMATE RECORD PERIOD 1871 TO 2014


WEATHER ITEM   OBSERVED TIME   RECORD YEAR NORMAL DEPARTURE LAST
                VALUE   (LST)  VALUE       VALUE  FROM      YEAR
                                                  NORMAL
..................................................................
TEMPERATURE (F)
 YESTERDAY
  MAXIMUM         60    451 PM  87    1959  66     -6       74
  MINIMUM         46   1157 PM  22    1982  45      1       61
  AVERAGE         53                        55     -2       68

PRECIPITATION (IN)
  YESTERDAY        0.93          1.21 2000   0.13   0.80      T
  MONTH TO DATE    3.72                      0.86   2.86      T
  SINCE MAR 1      6.02                      5.03   0.99     4.25
  SINCE JAN 1     12.18                     11.45   0.73    11.27

SNOWFALL (IN)
  YESTERDAY        0.0           1.4  1916   0.1   -0.1      0.0
  MONTH TO DATE    0.0                       0.1   -0.1      0.0
  SINCE MAR 1      4.1                       1.5    2.6      1.7
  SINCE JUL 1     25.9                      12.5   13.4      9.8
  SNOW DEPTH       0

DEGREE DAYS
 HEATING
  YESTERDAY       12                        10      2        0
  MONTH TO DATE   64                        79    -15      103
  SINCE MAR 1    712                       617     95      838
  SINCE JUL 1   4366                      3858    508     3920

 COOLING
  YESTERDAY        0                         1     -1        3
  MONTH TO DATE    3                         7     -4        3
  SINCE MAR 1      3                        13    -10        3
  SINCE JAN 1      3                        13    -10        3
..................................................................


WIND (MPH)
  HIGHEST WIND SPEED    26   HIGHEST WIND DIRECTION     W (250)
  HIGHEST GUST SPEED    34   HIGHEST GUST DIRECTION     W (250)
  AVERAGE WIND SPEED     9.7


SKY COVER
  POSSIBLE SUNSHINE  MM
  AVERAGE SKY COVER 1.0


WEATHER CONDITIONS
 THE FOLLOWING WEATHER WAS RECORDED YESTERDAY.
  THUNDERSTORM
  RAIN
  LIGHT RAIN
  FOG
  HAZE


RELATIVE HUMIDITY (PERCENT)
 HIGHEST   100           700 AM
 LOWEST     51           100 AM
 AVERAGE    76

..........................................................


THE LOUISVILLE KY CLIMATE NORMALS FOR TODAY
                         NORMAL    RECORD    YEAR
 MAXIMUM TEMPERATURE (F)   67        85      2011
 MINIMUM TEMPERATURE (F)   45        24      1972


SUNRISE AND SUNSET
APRIL  8 2014.........SUNRISE   718 AM EDT   SUNSET   813 PM EDT
APRIL  9 2014.........SUNRISE   716 AM EDT   SUNSET   814 PM EDT


-  INDICATES NEGATIVE NUMBERS.
R  INDICATES RECORD WAS SET OR TIED.
MM INDICATES DATA IS MISSING.
T  INDICATES TRACE AMOUNT.




$$
