000
CDUS43 KLMK 130637
CLISDF


CLIMATE REPORT
NATIONAL WEATHER SERVICE LOUISVILLE KY
237 AM EDT SUN APR 13 2014


...................................

...THE LOUISVILLE KY CLIMATE SUMMARY FOR APRIL 12 2014...

CLIMATE NORMAL PERIOD 1981 TO 2010
CLIMATE RECORD PERIOD 1871 TO 2014


WEATHER ITEM   OBSERVED TIME   RECORD YEAR NORMAL DEPARTURE LAST
                VALUE   (LST)  VALUE       VALUE  FROM      YEAR
                                                  NORMAL
..................................................................
TEMPERATURE (F)
 YESTERDAY
  MAXIMUM         81    231 PM  87    1930  68     13       57
                                      1896
  MINIMUM         54    646 AM  25    1939  46      8       41
  AVERAGE         68                        57     11       49

PRECIPITATION (IN)
  YESTERDAY        0.00          3.16 1948   0.12  -0.12     0.06
  MONTH TO DATE    3.75                      1.49   2.26     1.19
  SINCE MAR 1      6.05                      5.66   0.39     5.44
  SINCE JAN 1     12.21                     12.08   0.13    12.46

SNOWFALL (IN)
  YESTERDAY        0.0           T    1951   0.0    0.0      0.0
  MONTH TO DATE    0.0                       0.1   -0.1      0.0
  SINCE MAR 1      4.1                       1.5    2.6      1.7
  SINCE JUL 1     25.9                      12.5   13.4      9.8
  SNOW DEPTH       0

DEGREE DAYS
 HEATING
  YESTERDAY        0                         9     -9       16
  MONTH TO DATE   89                       127    -38      119
  SINCE MAR 1    737                       665     72      854
  SINCE JUL 1   4391                      3906    485     3936

 COOLING
  YESTERDAY        3                         1      2        0
  MONTH TO DATE    9                        12     -3       24
  SINCE MAR 1      9                        18     -9       24
  SINCE JAN 1      9                        18     -9       24
..................................................................


WIND (MPH)
  HIGHEST WIND SPEED    24   HIGHEST WIND DIRECTION     S (170)
  HIGHEST GUST SPEED    32   HIGHEST GUST DIRECTION     S (170)
  AVERAGE WIND SPEED    10.7


SKY COVER
  POSSIBLE SUNSHINE  MM
  AVERAGE SKY COVER 0.5


WEATHER CONDITIONS
 THE FOLLOWING WEATHER WAS RECORDED YESTERDAY.
  FOG


RELATIVE HUMIDITY (PERCENT)
 HIGHEST    86           600 AM
 LOWEST     36           400 PM
 AVERAGE    61

..........................................................


THE LOUISVILLE KY CLIMATE NORMALS FOR TODAY
                         NORMAL    RECORD    YEAR
 MAXIMUM TEMPERATURE (F)   68        87      1887
 MINIMUM TEMPERATURE (F)   47        26      1920


SUNRISE AND SUNSET
APRIL 13 2014.........SUNRISE   710 AM EDT   SUNSET   817 PM EDT
APRIL 14 2014.........SUNRISE   709 AM EDT   SUNSET   818 PM EDT


-  INDICATES NEGATIVE NUMBERS.
R  INDICATES RECORD WAS SET OR TIED.
MM INDICATES DATA IS MISSING.
T  INDICATES TRACE AMOUNT.




$$
