000
CDUS43 KLMK 252030
CLISDF


CLIMATE REPORT
NATIONAL WEATHER SERVICE LOUISVILLE KY
429 PM EDT THU SEP 25 2014


...................................

...THE LOUISVILLE KY CLIMATE SUMMARY FOR SEPTEMBER 25 2014...
VALID TODAY AS OF 0400 PM LOCAL TIME.

CLIMATE NORMAL PERIOD 1981 TO 2010
CLIMATE RECORD PERIOD 1871 TO 2014


WEATHER ITEM   OBSERVED TIME   RECORD YEAR NORMAL DEPARTURE LAST
                VALUE   (LST)  VALUE       VALUE  FROM      YEAR
                                                  NORMAL
..................................................................
TEMPERATURE (F)
 TODAY
  MAXIMUM         82    259 PM  95    2007  78      4       80
  MINIMUM         56    608 AM  36    1950  57     -1       64
  AVERAGE         69                        67      2       72

PRECIPITATION (IN)
  TODAY            0.00          1.38 2000   0.11  -0.11      T
  MONTH TO DATE    3.31                      2.50   0.81     2.66
  SINCE SEP 1      3.31                      2.50   0.81     2.66
  SINCE JAN 1     34.48                     33.72   0.76    34.47

SNOWFALL (IN)
  TODAY            0.0          MM      MM   0.0    0.0      0.0
  MONTH TO DATE    0.0                       0.0    0.0      0.0
  SINCE SEP 1      0.0                       0.0    0.0      0.0
  SINCE JUL 1      0.0                       0.0    0.0      0.0
  SNOW DEPTH       0

DEGREE DAYS
 HEATING
  TODAY            0                         2     -2        0
  MONTH TO DATE   13                        15     -2        5
  SINCE SEP 1     13                        15     -2        5
  SINCE JUL 1     13                        15     -2        5

 COOLING
  TODAY            4                         4      0        7
  MONTH TO DATE  160                       192    -32      214
  SINCE SEP 1    160                       192    -32      214
  SINCE JAN 1   1552                      1549      3     1554
..................................................................


WIND (MPH)
  HIGHEST WIND SPEED    10   HIGHEST WIND DIRECTION     N (360)
  HIGHEST GUST SPEED    13   HIGHEST GUST DIRECTION     N (350)
  AVERAGE WIND SPEED     1.9


SKY COVER
  POSSIBLE SUNSHINE  MM
  AVERAGE SKY COVER 0.1


WEATHER CONDITIONS
 THE FOLLOWING WEATHER WAS RECORDED TODAY.
  NO SIGNIFICANT WEATHER WAS OBSERVED.


RELATIVE HUMIDITY (PERCENT)
 HIGHEST    86           600 AM
 LOWEST     35           100 PM
 AVERAGE    61

..........................................................


THE LOUISVILLE KY CLIMATE NORMALS FOR TOMORROW
                         NORMAL    RECORD    YEAR
 MAXIMUM TEMPERATURE (F)   77        93      1958
                                             1900
 MINIMUM TEMPERATURE (F)   56        39      2001
                                             1928


SUNRISE AND SUNSET
SEPTEMBER 25 2014.....SUNRISE   733 AM EDT   SUNSET   735 PM EDT
SEPTEMBER 26 2014.....SUNRISE   734 AM EDT   SUNSET   734 PM EDT


-  INDICATES NEGATIVE NUMBERS.
R  INDICATES RECORD WAS SET OR TIED.
MM INDICATES DATA IS MISSING.
T  INDICATES TRACE AMOUNT.




$$
