000
CDUS41 KBOX 140527
CLIBDL


CLIMATE REPORT
NATIONAL WEATHER SERVICE TAUNTON MA
1226 AM EST SUN JAN 14 2018


...................................

...THE HARTFORD CT CLIMATE SUMMARY FOR JANUARY 13 2018...

CLIMATE NORMAL PERIOD 1981 TO 2010
CLIMATE RECORD PERIOD 1904 TO 2018


WEATHER ITEM   OBSERVED TIME   RECORD YEAR NORMAL DEPARTURE LAST
                VALUE   (LST)  VALUE       VALUE  FROM      YEAR
                                                  NORMAL
..................................................................
TEMPERATURE (F)
 YESTERDAY
  MAXIMUM         59R   613 AM  59    1932  34     25       50
  MINIMUM         15   1159 PM  -9    1981  17     -2       25
  AVERAGE         37                        26     11       38

PRECIPITATION (IN)
  YESTERDAY        0.32          1.02 1964   0.10   0.22     0.00
  MONTH TO DATE    2.64                      1.32   1.32     1.66
  SINCE DEC 1      5.05                      4.76   0.29     4.39
  SINCE JAN 1      2.64                      1.32   1.32     1.66

SNOWFALL (IN)
  YESTERDAY        0.0          11.6  1938   0.4   -0.4      0.0
  MONTH TO DATE   10.2                       5.1    5.1      4.1
  SINCE DEC 1     20.0                      12.5    7.5     14.3
  SINCE JUL 1     20.0                      14.5    5.5     15.8
  SNOW DEPTH       0

DEGREE DAYS
 HEATING
  YESTERDAY       28                        39    -11       27
  MONTH TO DATE  577                       504     73      453
  SINCE DEC 1   1736                      1541    195     1463
  SINCE JUL 1   2727                      2748    -21     2500

 COOLING
  YESTERDAY        0                         0      0        0
  MONTH TO DATE    0                         0      0        0
  SINCE DEC 1      0                         0      0        0
  SINCE JAN 1      0                         0      0        0
..................................................................


WIND (MPH)
  RESULTANT WIND SPEED   8   RESULTANT WIND DIRECTION  NW (310)
  HIGHEST WIND SPEED    37   HIGHEST WIND DIRECTION     S (180)
  HIGHEST GUST SPEED    47   HIGHEST GUST DIRECTION     S (180)
  AVERAGE WIND SPEED    15.7


SKY COVER
  POSSIBLE SUNSHINE  MM
  AVERAGE SKY COVER 0.5


WEATHER CONDITIONS
 THE FOLLOWING WEATHER WAS RECORDED YESTERDAY.
  RAIN
  LIGHT RAIN
  FOG


RELATIVE HUMIDITY (PERCENT)
 HIGHEST   100          1200 AM
 LOWEST     51           100 PM
 AVERAGE    76

..........................................................


THE HARTFORD CT CLIMATE NORMALS FOR TODAY
                         NORMAL    RECORD    YEAR
 MAXIMUM TEMPERATURE (F)   34        70      1932
 MINIMUM TEMPERATURE (F)   17       -12      1957
                                             1912


SUNRISE AND SUNSET
JANUARY 14 2018.......SUNRISE   716 AM EST   SUNSET   443 PM EST
JANUARY 15 2018.......SUNRISE   716 AM EST   SUNSET   445 PM EST


-  INDICATES NEGATIVE NUMBERS.
R  INDICATES RECORD WAS SET OR TIED.
MM INDICATES DATA IS MISSING.
T  INDICATES TRACE AMOUNT.




$$
