000
CDUS41 KBOX 172137
CLIBDL


CLIMATE REPORT
NATIONAL WEATHER SERVICE TAUNTON MA
536 PM EDT TUE OCT 17 2017


...................................

...THE HARTFORD CT CLIMATE SUMMARY FOR OCTOBER 17 2017...
VALID AS OF 0500 PM LOCAL TIME.

CLIMATE NORMAL PERIOD 1981 TO 2010
CLIMATE RECORD PERIOD 1904 TO 2017


WEATHER ITEM   OBSERVED TIME   RECORD YEAR NORMAL DEPARTURE LAST
                VALUE   (LST)  VALUE       VALUE  FROM      YEAR
                                                  NORMAL
..................................................................
TEMPERATURE (F)
 TODAY
  MAXIMUM         59    317 PM  90    1908  63     -4       80
  MINIMUM         35    616 AM  25    1978  41     -6       55
  AVERAGE         47                        52     -5       68

PRECIPITATION (IN)
  TODAY            0.00          1.42 1936   0.14  -0.14      T
  MONTH TO DATE    0.91                      2.53  -1.62     0.45
  SINCE SEP 1      3.16                      6.41  -3.25     2.87
  SINCE JAN 1     34.27                     36.68  -2.41    25.21

SNOWFALL (IN)
  TODAY            0.0           T    1970   0.0    0.0      0.0
  MONTH TO DATE    0.0                       0.0    0.0      0.0
  SINCE SEP 1      0.0                       0.0    0.0      0.0
  SINCE JUL 1      0.0                       0.0    0.0      0.0
  SNOW DEPTH       0

DEGREE DAYS
 HEATING
  TODAY           18                        14      4        0
  MONTH TO DATE   86                       186   -100      161
  SINCE SEP 1    145                       296   -151      219
  SINCE JUL 1    161                       308   -147      219

 COOLING
  TODAY            0                         0      0        3
  MONTH TO DATE   31                         5     26        3
  SINCE SEP 1    173                        79     94      129
  SINCE JAN 1    860                       754    106     1059
..................................................................


WIND (MPH)
  HIGHEST WIND SPEED    13   HIGHEST WIND DIRECTION     S (170)
  HIGHEST GUST SPEED    16   HIGHEST GUST DIRECTION     S (170)
  AVERAGE WIND SPEED     5.9


SKY COVER
  POSSIBLE SUNSHINE  MM
  AVERAGE SKY COVER 0.0


WEATHER CONDITIONS
 THE FOLLOWING WEATHER WAS RECORDED TODAY.
  NO SIGNIFICANT WEATHER WAS OBSERVED.


RELATIVE HUMIDITY (PERCENT)
 HIGHEST    82           300 AM
 LOWEST     32           100 PM
 AVERAGE    57

..........................................................


THE HARTFORD CT CLIMATE NORMALS FOR TOMORROW
                         NORMAL    RECORD    YEAR
 MAXIMUM TEMPERATURE (F)   62        84      2016
 MINIMUM TEMPERATURE (F)   40        17      1978


SUNRISE AND SUNSET
OCTOBER 17 2017.......SUNRISE   706 AM EDT   SUNSET   606 PM EDT
OCTOBER 18 2017.......SUNRISE   707 AM EDT   SUNSET   604 PM EDT


-  INDICATES NEGATIVE NUMBERS.
R  INDICATES RECORD WAS SET OR TIED.
MM INDICATES DATA IS MISSING.
T  INDICATES TRACE AMOUNT.




$$
