000
CDUS41 KBOX 240544
CLIBDL


CLIMATE REPORT
NATIONAL WEATHER SERVICE TAUNTON MA
142 AM EDT FRI MAR 24 2017


...................................

...THE HARTFORD CT CLIMATE SUMMARY FOR MARCH 23 2017...

CLIMATE NORMAL PERIOD 1981 TO 2010
CLIMATE RECORD PERIOD 1904 TO 2017


WEATHER ITEM   OBSERVED TIME   RECORD YEAR NORMAL DEPARTURE LAST
                VALUE   (LST)  VALUE       VALUE  FROM      YEAR
                                                  NORMAL
..................................................................
TEMPERATURE (F)
 YESTERDAY
  MAXIMUM         38    431 PM  75    2012  50    -12       68
                                      1938
  MINIMUM         14    613 AM   9    1934  30    -16       44
  AVERAGE         26                        40    -14       56

PRECIPITATION (IN)
  YESTERDAY        0.00          1.07 2010   0.13  -0.13      T
  MONTH TO DATE    1.89                      2.64  -0.75     1.52
  SINCE MAR 1      1.89                      2.64  -0.75     1.52
  SINCE JAN 1      7.87                      8.76  -0.89     8.35

SNOWFALL (IN)
  YESTERDAY        0.0           2.2  2005   0.2   -0.2      0.0
  MONTH TO DATE   18.1                       5.2   12.9      2.9
  SINCE MAR 1     18.1                       5.2   12.9      2.9
  SINCE JUL 1     60.8                      37.9   22.9     20.0
  SNOW DEPTH       3

DEGREE DAYS
 HEATING
  YESTERDAY       39                        25     14        9
  MONTH TO DATE  765                       658    107      492
  SINCE MAR 1    765                       658    107      492
  SINCE JUL 1   4658                      5096   -438     4168

 COOLING
  YESTERDAY        0                         0      0        0
  MONTH TO DATE    0                         0      0        0
  SINCE MAR 1      0                         0      0        0
  SINCE JAN 1      0                         0      0        0
..................................................................


WIND (MPH)
  RESULTANT WIND SPEED   6   RESULTANT WIND DIRECTION  NW (310)
  HIGHEST WIND SPEED    23   HIGHEST WIND DIRECTION    NW (300)
  HIGHEST GUST SPEED    29   HIGHEST GUST DIRECTION    NW (310)
  AVERAGE WIND SPEED     7.1


SKY COVER
  POSSIBLE SUNSHINE  MM
  AVERAGE SKY COVER 0.1


WEATHER CONDITIONS
 THE FOLLOWING WEATHER WAS RECORDED YESTERDAY.
  NO SIGNIFICANT WEATHER WAS OBSERVED.


RELATIVE HUMIDITY (PERCENT)
 HIGHEST    50          1100 PM
 LOWEST     20          1200 PM
 AVERAGE    35

..........................................................


THE HARTFORD CT CLIMATE NORMALS FOR TODAY
                         NORMAL    RECORD    YEAR
 MAXIMUM TEMPERATURE (F)   51        74      1988
 MINIMUM TEMPERATURE (F)   30         7      1906


SUNRISE AND SUNSET
MARCH 24 2017.........SUNRISE   647 AM EDT   SUNSET   708 PM EDT
MARCH 25 2017.........SUNRISE   645 AM EDT   SUNSET   709 PM EDT


-  INDICATES NEGATIVE NUMBERS.
R  INDICATES RECORD WAS SET OR TIED.
MM INDICATES DATA IS MISSING.
T  INDICATES TRACE AMOUNT.




$$
