000
CDUS41 KBOX 230721
CLIBDL


CLIMATE REPORT
NATIONAL WEATHER SERVICE TAUNTON MA
321 AM EDT SAT JUL 23 2016


...................................

...THE HARTFORD CT CLIMATE SUMMARY FOR JULY 22 2016...

CLIMATE NORMAL PERIOD 1981 TO 2010
CLIMATE RECORD PERIOD 1904 TO 2016


WEATHER ITEM   OBSERVED TIME   RECORD YEAR NORMAL DEPARTURE LAST
                VALUE   (LST)  VALUE       VALUE  FROM      YEAR
                                                  NORMAL
..................................................................
TEMPERATURE (F)
 YESTERDAY
  MAXIMUM         99    241 PM 103    2011  85     14       83
  MINIMUM         72    450 AM  52    1974  63      9       60
                                      1944
  AVERAGE         86                        74     12       72

PRECIPITATION (IN)
  YESTERDAY        0.09          1.56 1946   0.14  -0.05     0.00
  MONTH TO DATE    1.26                      2.85  -1.59     2.36
  SINCE JUN 1      3.27                      7.20  -3.93     9.04
  SINCE JAN 1     17.21                     25.01  -7.80    22.61

SNOWFALL (IN)
  YESTERDAY        0.0           0.0  2002   0.0    0.0      0.0
                                      2001
                                      2000
  MONTH TO DATE    0.0                       0.0    0.0      0.0
  SINCE JUN 1      0.0                       0.0    0.0      0.0
  SINCE JUL 1      0.0                       0.0    0.0      0.0
  SNOW DEPTH       0

DEGREE DAYS
 HEATING
  YESTERDAY        0                         0      0        0
  MONTH TO DATE    0                         0      0        1
  SINCE JUN 1     16                        40    -24       49
  SINCE JUL 1      0                         0      0        1

 COOLING
  YESTERDAY       21                         9     12        7
  MONTH TO DATE  234                       190     44      186
  SINCE JUN 1    383                       334     49      318
  SINCE JAN 1    457                       373     84      435
..................................................................


WIND (MPH)
  RESULTANT WIND SPEED   9   RESULTANT WIND DIRECTION  SW (220)
  HIGHEST WIND SPEED    23   HIGHEST WIND DIRECTION     W (270)
  HIGHEST GUST SPEED    29   HIGHEST GUST DIRECTION    NW (320)
  AVERAGE WIND SPEED    10.2


SKY COVER
  POSSIBLE SUNSHINE  MM
  AVERAGE SKY COVER 0.5


WEATHER CONDITIONS
 THE FOLLOWING WEATHER WAS RECORDED YESTERDAY.
  THUNDERSTORM
  LIGHT RAIN
  HAZE


RELATIVE HUMIDITY (PERCENT)
 HIGHEST    88          1100 PM
 LOWEST     33           200 PM
 AVERAGE    61

..........................................................


THE HARTFORD CT CLIMATE NORMALS FOR TODAY
                         NORMAL    RECORD    YEAR
 MAXIMUM TEMPERATURE (F)   85        99      1978
 MINIMUM TEMPERATURE (F)   63        49      1977


SUNRISE AND SUNSET
JULY 23 2016..........SUNRISE   536 AM EDT   SUNSET   818 PM EDT
JULY 24 2016..........SUNRISE   537 AM EDT   SUNSET   817 PM EDT


-  INDICATES NEGATIVE NUMBERS.
R  INDICATES RECORD WAS SET OR TIED.
MM INDICATES DATA IS MISSING.
T  INDICATES TRACE AMOUNT.




$$
