677
CDUS41 KALY 080628
CLIGFL


CLIMATE REPORT
NATIONAL WEATHER SERVICE ALBANY NY
127 AM EST FRI DEC 8 2017


...................................

...THE GLENS FALLS NY CLIMATE SUMMARY FOR DECEMBER 7 2017...

CLIMATE NORMAL PERIOD 1981 TO 2010
CLIMATE RECORD PERIOD 1949 TO 2017


WEATHER ITEM   OBSERVED TIME   RECORD YEAR NORMAL DEPARTURE LAST
                VALUE   (LST)  VALUE       VALUE  FROM      YEAR
                                                  NORMAL
..................................................................
TEMPERATURE (F)
 YESTERDAY
  MAXIMUM         40   1254 PM  67    1998  37      3       40
  MINIMUM         31   1159 PM   0    1989  20     11       31
  AVERAGE         36                        28      8       36

PRECIPITATION (IN)
  YESTERDAY        0.00          1.39 1976   0.11  -0.11     0.08
  MONTH TO DATE    0.75                      0.78  -0.03     0.50
  SINCE DEC 1      0.75                      0.78  -0.03     0.50
  SINCE JAN 1     34.27                     36.79  -2.52    28.80

DEGREE DAYS
 HEATING
  YESTERDAY       29                        36     -7       29
  MONTH TO DATE  201                       246    -45      198
  SINCE DEC 1    201                       246    -45      198
  SINCE JUL 1   1612                      1944   -332     1514

 COOLING
  YESTERDAY        0                         0      0        0
  MONTH TO DATE    0                         0      0        0
  SINCE DEC 1      0                         0      0        0
  SINCE JAN 1    388                       352     36      643
..................................................................


WIND (MPH)
  HIGHEST WIND SPEED    17   HIGHEST WIND DIRECTION    SW (210)
  HIGHEST GUST SPEED    24   HIGHEST GUST DIRECTION    SW (210)
  AVERAGE WIND SPEED     9.0


SKY COVER
  AVERAGE SKY COVER 0.8



RELATIVE HUMIDITY (PERCENT)
 HIGHEST    78           700 AM
 LOWEST     48           100 PM
 AVERAGE    63

..........................................................


THE GLENS FALLS NY CLIMATE NORMALS FOR TODAY
                         NORMAL    RECORD    YEAR
 MAXIMUM TEMPERATURE (F)   37        59      1951
 MINIMUM TEMPERATURE (F)   19       -10      1977


SUNRISE AND SUNSET
DECEMBER  8 2017......SUNRISE   714 AM EST   SUNSET   419 PM EST
DECEMBER  9 2017......SUNRISE   715 AM EST   SUNSET   419 PM EST


-  INDICATES NEGATIVE NUMBERS.
R  INDICATES RECORD WAS SET OR TIED.
MM INDICATES DATA IS MISSING.
T  INDICATES TRACE AMOUNT.




$$
