000
CDUS41 KALY 300623
CLIGFL


CLIMATE REPORT
NATIONAL WEATHER SERVICE ALBANY NY
122 AM EST THU NOV 30 2017


...................................

...THE GLENS FALLS NY CLIMATE SUMMARY FOR NOVEMBER 29 2017...

CLIMATE NORMAL PERIOD 1981 TO 2010
CLIMATE RECORD PERIOD 1949 TO 2017


WEATHER ITEM   OBSERVED TIME   RECORD YEAR NORMAL DEPARTURE LAST
                VALUE   (LST)  VALUE       VALUE  FROM      YEAR
                                                  NORMAL
..................................................................
TEMPERATURE (F)
 YESTERDAY
  MAXIMUM         55   1042 AM  64    2011  41     14       47
  MINIMUM         28   1159 PM   9    2014  23      5       27
                                      1978
  AVERAGE         42                        32     10       37

PRECIPITATION (IN)
  YESTERDAY        T             1.05 1954   0.11  -0.11     0.53
  MONTH TO DATE    1.18                      3.20  -2.02     2.91
  SINCE SEP 1      6.31                     10.09  -3.78     7.06
  SINCE JAN 1     33.44                     35.90  -2.46    28.22

DEGREE DAYS
 HEATING
  YESTERDAY       23                        33    -10       28
  MONTH TO DATE  834                       809     25      728
  SINCE SEP 1   1309                      1598   -289     1290
  SINCE JUL 1   1376                      1664   -288     1296

 COOLING
  YESTERDAY        0                         0      0        0
  MONTH TO DATE    0                         0      0        0
  SINCE SEP 1     74                        25     49       58
  SINCE JAN 1    388                       352     36      643
..................................................................


WIND (MPH)
  HIGHEST WIND SPEED    26   HIGHEST WIND DIRECTION    NW (300)
  HIGHEST GUST SPEED    34   HIGHEST GUST DIRECTION    NW (300)
  AVERAGE WIND SPEED     8.9


SKY COVER
  AVERAGE SKY COVER 0.4



RELATIVE HUMIDITY (PERCENT)
 HIGHEST   100           200 AM
 LOWEST     36           300 PM
 AVERAGE    68

..........................................................


THE GLENS FALLS NY CLIMATE NORMALS FOR TODAY
                         NORMAL    RECORD    YEAR
 MAXIMUM TEMPERATURE (F)   40        63      2006
 MINIMUM TEMPERATURE (F)   23         7      2013
                                             1976


SUNRISE AND SUNSET
NOVEMBER 30 2017......SUNRISE   706 AM EST   SUNSET   420 PM EST
DECEMBER  1 2017......SUNRISE   707 AM EST   SUNSET   420 PM EST


-  INDICATES NEGATIVE NUMBERS.
R  INDICATES RECORD WAS SET OR TIED.
MM INDICATES DATA IS MISSING.
T  INDICATES TRACE AMOUNT.




$$
