000
CDUS41 KALY 120623
CLIGFL


CLIMATE REPORT
NATIONAL WEATHER SERVICE ALBANY NY
123 AM EST SUN MAR 12 2017


...................................

...THE GLENS FALLS NY CLIMATE SUMMARY FOR MARCH 11 2017...

CLIMATE NORMAL PERIOD 1981 TO 2010
CLIMATE RECORD PERIOD 1949 TO 2017


WEATHER ITEM   OBSERVED TIME   RECORD YEAR NORMAL DEPARTURE LAST
                VALUE   (LST)  VALUE       VALUE  FROM      YEAR
                                                  NORMAL
..................................................................
TEMPERATURE (F)
 YESTERDAY
  MAXIMUM         19    340 PM  63    1977  40    -21       50
  MINIMUM          3    640 AM  -6    1996  18    -15       29
  AVERAGE         11                        29    -18       40

PRECIPITATION (IN)
  YESTERDAY        0.00          1.26 1952   0.09  -0.09     0.05
  MONTH TO DATE    0.29                      1.00  -0.71     0.60
  SINCE MAR 1      0.29                      1.00  -0.71     0.60
  SINCE JAN 1      4.98                      5.94  -0.96     5.39

DEGREE DAYS
 HEATING
  YESTERDAY       54                        36     18       25
  MONTH TO DATE  335                       416    -81      339
  SINCE MAR 1    335                       416    -81      339
  SINCE JUL 1   4857                      6036  -1179     4519

 COOLING
  YESTERDAY        0                         0      0        0
  MONTH TO DATE    0                         0      0        0
  SINCE MAR 1      0                         0      0        0
  SINCE JAN 1      0                         0      0        0
..................................................................


WIND (MPH)
  HIGHEST WIND SPEED    26   HIGHEST WIND DIRECTION    NW (320)
  HIGHEST GUST SPEED    35   HIGHEST GUST DIRECTION    NW (320)
  AVERAGE WIND SPEED    13.4


SKY COVER
  AVERAGE SKY COVER 0.5



RELATIVE HUMIDITY (PERCENT)
 HIGHEST    53          1200 AM
 LOWEST     30           300 PM
 AVERAGE    42

..........................................................


THE GLENS FALLS NY CLIMATE NORMALS FOR TODAY
                         NORMAL    RECORD    YEAR
 MAXIMUM TEMPERATURE (F)   41        66      2012
 MINIMUM TEMPERATURE (F)   19        -4      1960


SUNRISE AND SUNSET
MARCH 12 2017.........SUNRISE   711 AM EDT   SUNSET   657 PM EDT
MARCH 13 2017.........SUNRISE   710 AM EDT   SUNSET   659 PM EDT


-  INDICATES NEGATIVE NUMBERS.
R  INDICATES RECORD WAS SET OR TIED.
MM INDICATES DATA IS MISSING.
T  INDICATES TRACE AMOUNT.




$$
