000
CDUS41 KALY 230623
CLIGFL


CLIMATE REPORT
NATIONAL WEATHER SERVICE ALBANY NY
222 AM EDT TUE JUN 23 2015


...................................

...THE GLENS FALLS NY CLIMATE SUMMARY FOR JUNE 22 2015...

CLIMATE NORMAL PERIOD 1981 TO 2010
CLIMATE RECORD PERIOD 1949 TO 2015


WEATHER ITEM   OBSERVED TIME   RECORD YEAR NORMAL DEPARTURE LAST
                VALUE   (LST)  VALUE       VALUE  FROM      YEAR
                                                  NORMAL
..................................................................
TEMPERATURE (F)
 YESTERDAY
  MAXIMUM         84    344 PM  94    1983  78      6       77
  MINIMUM         62    500 AM  44    1982  54      8       45
  AVERAGE         73                        66      7       61

PRECIPITATION (IN)
  YESTERDAY        0.00          3.44 1987   0.12  -0.12     0.00
  MONTH TO DATE    4.59                      2.60   1.99     3.61
  SINCE JUN 1      4.59                      2.60   1.99     3.61
  SINCE JAN 1     11.90                     17.09  -5.19    16.72

DEGREE DAYS
 HEATING
  YESTERDAY        0                         2     -2        4
  MONTH TO DATE   70                        79     -9       32
  SINCE JUN 1     70                        79     -9       32
  SINCE JUL 1   7667                      7665      2     7929

 COOLING
  YESTERDAY        8                         3      5        0
  MONTH TO DATE   50                        42      8       34
  SINCE JUN 1     50                        42      8       34
  SINCE JAN 1    126                        54     72       54
..................................................................


WIND (MPH)
  HIGHEST WIND SPEED    12   HIGHEST WIND DIRECTION     N (340)
  HIGHEST GUST SPEED    17   HIGHEST GUST DIRECTION    NW (330)
  AVERAGE WIND SPEED     3.8


SKY COVER
  AVERAGE SKY COVER 0.2



RELATIVE HUMIDITY (PERCENT)
 HIGHEST    93          1200 AM
 LOWEST     40           200 PM
 AVERAGE    67

..........................................................


THE GLENS FALLS NY CLIMATE NORMALS FOR TODAY
                         NORMAL    RECORD    YEAR
 MAXIMUM TEMPERATURE (F)   79        91      1983
 MINIMUM TEMPERATURE (F)   54        42      2005


SUNRISE AND SUNSET
JUNE 23 2015..........SUNRISE   515 AM EDT   SUNSET   839 PM EDT
JUNE 24 2015..........SUNRISE   515 AM EDT   SUNSET   839 PM EDT


-  INDICATES NEGATIVE NUMBERS.
R  INDICATES RECORD WAS SET OR TIED.
MM INDICATES DATA IS MISSING.
T  INDICATES TRACE AMOUNT.




$$
