000
CDUS41 KALY 090624
CLIGFL


CLIMATE REPORT
NATIONAL WEATHER SERVICE ALBANY NY
223 AM EDT MON OCT 9 2017


...................................

...THE GLENS FALLS NY CLIMATE SUMMARY FOR OCTOBER 8 2017...

CLIMATE NORMAL PERIOD 1981 TO 2010
CLIMATE RECORD PERIOD 1949 TO 2017


WEATHER ITEM   OBSERVED TIME   RECORD YEAR NORMAL DEPARTURE LAST
                VALUE   (LST)  VALUE       VALUE  FROM      YEAR
                                                  NORMAL
..................................................................
TEMPERATURE (F)
 YESTERDAY
  MAXIMUM         80R  1237 PM  77    1993  61     19       65
  MINIMUM         55   1106 PM  17    1964  37     18       46
  AVERAGE         68                        49     19       56

PRECIPITATION (IN)
  YESTERDAY        0.20          2.41 2005   0.11   0.09      T
  MONTH TO DATE    0.24                      0.93  -0.69     0.12
  SINCE SEP 1      2.56                      4.31  -1.75     1.33
  SINCE JAN 1     29.69                     30.12  -0.43    22.49

DEGREE DAYS
 HEATING
  YESTERDAY        0                        16    -16        9
  MONTH TO DATE   77                       115    -38       63
  SINCE SEP 1    209                       334   -125      166
  SINCE JUL 1    276                       400   -124      172

 COOLING
  YESTERDAY        3                         0      3        0
  MONTH TO DATE    3                         0      3        0
  SINCE SEP 1     70                        24     46       55
  SINCE JAN 1    384                       351     33      640
..................................................................


WIND (MPH)
  HIGHEST WIND SPEED    21   HIGHEST WIND DIRECTION     S (190)
  HIGHEST GUST SPEED    28   HIGHEST GUST DIRECTION     S (190)
  AVERAGE WIND SPEED     6.0


SKY COVER
  AVERAGE SKY COVER 0.5



RELATIVE HUMIDITY (PERCENT)
 HIGHEST   100           300 AM
 LOWEST     54           300 PM
 AVERAGE    77

..........................................................


THE GLENS FALLS NY CLIMATE NORMALS FOR TODAY
                         NORMAL    RECORD    YEAR
 MAXIMUM TEMPERATURE (F)   61        78      2011
 MINIMUM TEMPERATURE (F)   37        20      2001


SUNRISE AND SUNSET
OCTOBER  9 2017.......SUNRISE   701 AM EDT   SUNSET   621 PM EDT
OCTOBER 10 2017.......SUNRISE   703 AM EDT   SUNSET   619 PM EDT


-  INDICATES NEGATIVE NUMBERS.
R  INDICATES RECORD WAS SET OR TIED.
MM INDICATES DATA IS MISSING.
T  INDICATES TRACE AMOUNT.




$$
