000
CDUS43 KDLH 102320
CLIDLH


CLIMATE REPORT
NATIONAL WEATHER SERVICE DULUTH MN
516 PM CST FRI NOV 10 2017


...................................

...THE DULUTH CLIMATE SUMMARY FOR NOVEMBER 10 2017...
VALID TODAY AS OF 0500 PM LOCAL TIME.

CLIMATE NORMAL PERIOD 1981 TO 2010
CLIMATE RECORD PERIOD 1870 TO 2017


WEATHER ITEM   OBSERVED TIME   RECORD YEAR NORMAL DEPARTURE LAST
                VALUE   (LST)  VALUE       VALUE  FROM      YEAR
                                                  NORMAL
..................................................................
TEMPERATURE (F)
 TODAY
  MAXIMUM         17    359 PM  64    2016  39    -22       64
                                      1917
  MINIMUM         -5R   523 AM   1    1986  25    -30       42
  AVERAGE          6                        32    -26       53

PRECIPITATION (IN)
  TODAY            0.00          2.26 1998   0.08  -0.08     0.00
  MONTH TO DATE    0.95                      0.75   0.20     0.01
  SINCE SEP 1      7.90                      7.71   0.19     5.08
  SINCE JAN 1     35.59                     28.41   7.18    29.00

SNOWFALL (IN)
  TODAY            0.0           7.2  1998   0.4   -0.4      0.0
  MONTH TO DATE    8.4                       3.1    5.3      0.0
  SINCE JUL 1     19.5                       5.5   14.0       T
  SNOW DEPTH       4

DEGREE DAYS
 HEATING
  TODAY           59                        33     26       12
  MONTH TO DATE  426                       310    116      150
  SINCE SEP 1   1232                      1286    -54      843
  SINCE JUL 1   1402                      1435    -33      897

 COOLING
  TODAY            0                         0      0        0
  MONTH TO DATE    0                         0      0        0
  SINCE SEP 1     26                        14     12       14
  SINCE JAN 1    126                       204    -78      281
..................................................................


WIND (MPH)
  HIGHEST WIND SPEED    18   HIGHEST WIND DIRECTION    SE (140)
  HIGHEST GUST SPEED    21   HIGHEST GUST DIRECTION     S (180)
  AVERAGE WIND SPEED     7.9


SKY COVER
  AVERAGE SKY COVER 0.4


WEATHER CONDITIONS
 THE FOLLOWING WEATHER WAS RECORDED TODAY.
  NO SIGNIFICANT WEATHER WAS OBSERVED.


RELATIVE HUMIDITY (PERCENT)
 HIGHEST    86           300 AM
 LOWEST     54           300 PM
 AVERAGE    70

..........................................................


THE DULUTH CLIMATE NORMALS FOR TOMORROW
                         NORMAL    RECORD    YEAR
 MAXIMUM TEMPERATURE (F)   38        62      1930
 MINIMUM TEMPERATURE (F)   25        -3      1986


SUNRISE AND SUNSET
NOVEMBER 10 2017......SUNRISE   705 AM CST   SUNSET   440 PM CST
NOVEMBER 11 2017......SUNRISE   706 AM CST   SUNSET   439 PM CST


-  INDICATES NEGATIVE NUMBERS.
R  INDICATES RECORD WAS SET OR TIED.
MM INDICATES DATA IS MISSING.
T  INDICATES TRACE AMOUNT.




$$
