000
CDUS43 KDLH 142232
CLIDLH


CLIMATE REPORT
NATIONAL WEATHER SERVICE DULUTH MN
426 PM CST WED FEB 14 2018


...................................

...THE DULUTH CLIMATE SUMMARY FOR FEBRUARY 14 2018...
VALID TODAY AS OF 0400 PM LOCAL TIME.

CLIMATE NORMAL PERIOD 1981 TO 2010
CLIMATE RECORD PERIOD 1870 TO 2018


WEATHER ITEM   OBSERVED TIME   RECORD YEAR NORMAL DEPARTURE LAST
                VALUE   (LST)  VALUE       VALUE  FROM      YEAR
                                                  NORMAL
..................................................................
TEMPERATURE (F)
 TODAY
  MAXIMUM         42    359 PM  48    1882  24     18       35
  MINIMUM         17    751 AM -24    1970   6     11       18
                                      1949
                                      1879
  AVERAGE         30                        15     15       27

PRECIPITATION (IN)
  TODAY            0.00          0.81 1911   0.03  -0.03     0.00
  MONTH TO DATE    0.18                      0.34  -0.16     0.41
  SINCE DEC 1      1.64                      2.51  -0.87     3.64
  SINCE JAN 1      0.81                      1.30  -0.49     1.57

SNOWFALL (IN)
  TODAY            0.0           5.4  1995   0.4   -0.4      0.0
  MONTH TO DATE    1.9                       5.7   -3.8      5.6
  SINCE JUL 1     46.0                      58.9  -12.9     50.5
  SNOW DEPTH       8

DEGREE DAYS
 HEATING
  TODAY           35                        50    -15       38
  MONTH TO DATE  866                       731    135      681
  SINCE DEC 1   4215                      3986    229     3704
  SINCE JUL 1   6361                      6199    162     5186

 COOLING
  TODAY            0                         0      0        0
  MONTH TO DATE    0                         0      0        0
  SINCE DEC 1      0                         0      0        0
  SINCE JAN 1      0                         0      0        0
..................................................................


WIND (MPH)
  HIGHEST WIND SPEED    20   HIGHEST WIND DIRECTION    SW (240)
  HIGHEST GUST SPEED    26   HIGHEST GUST DIRECTION    SW (240)
  AVERAGE WIND SPEED    12.5


SKY COVER
  AVERAGE SKY COVER 0.0


WEATHER CONDITIONS
 THE FOLLOWING WEATHER WAS RECORDED TODAY.
  FOG
  HAZE


RELATIVE HUMIDITY (PERCENT)
 HIGHEST    92           800 AM
 LOWEST     43           400 PM
 AVERAGE    68

..........................................................


THE DULUTH CLIMATE NORMALS FOR TOMORROW
                         NORMAL    RECORD    YEAR
 MAXIMUM TEMPERATURE (F)   24        46      1931
 MINIMUM TEMPERATURE (F)    6       -30      1936


SUNRISE AND SUNSET
FEBRUARY 14 2018......SUNRISE   714 AM CST   SUNSET   532 PM CST
FEBRUARY 15 2018......SUNRISE   713 AM CST   SUNSET   534 PM CST


-  INDICATES NEGATIVE NUMBERS.
R  INDICATES RECORD WAS SET OR TIED.
MM INDICATES DATA IS MISSING.
T  INDICATES TRACE AMOUNT.




$$
