000
CDUS43 KDLH 190623
CLIDLH


CLIMATE REPORT
NATIONAL WEATHER SERVICE DULUTH MN
122 AM CDT FRI AUG 19 2016


...................................

...THE DULUTH MN CLIMATE SUMMARY FOR AUGUST 18 2016...

CLIMATE NORMAL PERIOD 1981 TO 2010
CLIMATE RECORD PERIOD 1870 TO 2016


WEATHER ITEM   OBSERVED TIME   RECORD YEAR NORMAL DEPARTURE LAST
                VALUE   (LST)  VALUE       VALUE  FROM      YEAR
                                                  NORMAL
..................................................................
TEMPERATURE (F)
 YESTERDAY
  MAXIMUM         80   1233 PM  92    1955  74      6       67
                                      1934
  MINIMUM         62    545 AM  38    1975  55      7       51
                                      1950
  AVERAGE         71                        64      7       59

PRECIPITATION (IN)
  YESTERDAY        0.22          2.75 1990   0.11   0.11     1.33
  MONTH TO DATE    2.90                      2.09   0.81     2.87
  SINCE JUN 1     11.75                     10.17   1.58     9.52
  SINCE JAN 1     21.86                     19.09   2.77    15.91

SNOWFALL (IN)
  YESTERDAY        0.0           0.0  2002   0.0    0.0      0.0
                                      2001
  MONTH TO DATE    0.0                       0.0    0.0      0.0
  SINCE JUN 1      T                         0.0    0.0       T
  SINCE JUL 1      0.0                       0.0    0.0      0.0
  SNOW DEPTH       0

DEGREE DAYS
 HEATING
  YESTERDAY        0                         3     -3        6
  MONTH TO DATE    6                        38    -32       21
  SINCE JUN 1    177                       280   -103      157
  SINCE JUL 1     35                       101    -66       36

 COOLING
  YESTERDAY        6                         2      4        0
  MONTH TO DATE   78                        46     32       72
  SINCE JUN 1    224                       166     58      250
  SINCE JAN 1    233                       170     63      254
..................................................................


WIND (MPH)
  HIGHEST WIND SPEED    22   HIGHEST WIND DIRECTION     W (270)
  HIGHEST GUST SPEED    29   HIGHEST GUST DIRECTION     S (160)
  AVERAGE WIND SPEED     7.2


SKY COVER
  AVERAGE SKY COVER 0.2


WEATHER CONDITIONS
 THE FOLLOWING WEATHER WAS RECORDED YESTERDAY.
  HEAVY RAIN
  RAIN
  LIGHT RAIN
  FOG


RELATIVE HUMIDITY (PERCENT)
 HIGHEST   100           800 PM
 LOWEST     62          1000 AM
 AVERAGE    81

..........................................................


THE DULUTH MN CLIMATE NORMALS FOR TODAY
                         NORMAL    RECORD    YEAR
 MAXIMUM TEMPERATURE (F)   74        94      1976
 MINIMUM TEMPERATURE (F)   54        37      2004


SUNRISE AND SUNSET
AUGUST 19 2016........SUNRISE   612 AM CDT   SUNSET   811 PM CDT
AUGUST 20 2016........SUNRISE   614 AM CDT   SUNSET   809 PM CDT


-  INDICATES NEGATIVE NUMBERS.
R  INDICATES RECORD WAS SET OR TIED.
MM INDICATES DATA IS MISSING.
T  INDICATES TRACE AMOUNT.




$$
