000
CDUS43 KDLH 152221
CLIDLH


CLIMATE REPORT
NATIONAL WEATHER SERVICE DULUTH MN
520 PM CDT WED OCT 15 2014


...................................

...THE DULUTH MN CLIMATE SUMMARY FOR OCTOBER 15 2014...
VALID TODAY AS OF 0500 PM LOCAL TIME.

CLIMATE NORMAL PERIOD 1981 TO 2010
CLIMATE RECORD PERIOD 1870 TO 2014


WEATHER ITEM   OBSERVED TIME   RECORD YEAR NORMAL DEPARTURE LAST
                VALUE   (LST)  VALUE       VALUE  FROM      YEAR
                                                  NORMAL
..................................................................
TEMPERATURE (F)
 TODAY
  MAXIMUM         58    210 PM  82    1929  52      6       48
  MINIMUM         32    646 AM  21    1952  35     -3       43
  AVERAGE         45                        44      1       46

PRECIPITATION (IN)
  TODAY            0.00          1.34 1933   0.09  -0.09     1.31
  MONTH TO DATE    1.03                      1.55  -0.52     3.14
  SINCE SEP 1      2.67                      5.66  -2.99     4.40
  SINCE JAN 1     27.62                     26.36   1.26    25.99

SNOWFALL (IN)
  TODAY            0.0           7.9  1966   0.0    0.0      0.0
  MONTH TO DATE    T                         0.5   -0.5      0.0
  SINCE JUL 1      T                         0.6   -0.6      0.0
  SNOW DEPTH       0

DEGREE DAYS
 HEATING
  TODAY           20                        21     -1       19
  MONTH TO DATE  300                       280     20      164
  SINCE SEP 1    527                       578    -51      332
  SINCE JUL 1    604                       727   -123      406

 COOLING
  TODAY            0                         0      0        0
  MONTH TO DATE    0                         0      0        0
  SINCE SEP 1      9                        14     -5       24
  SINCE JAN 1    179                       204    -25      375
..................................................................


WIND (MPH)
  HIGHEST WIND SPEED    15   HIGHEST WIND DIRECTION     E (80)
  HIGHEST GUST SPEED    18   HIGHEST GUST DIRECTION     E (100)
  AVERAGE WIND SPEED     6.3


SKY COVER
  POSSIBLE SUNSHINE  MM
  AVERAGE SKY COVER 0.0


WEATHER CONDITIONS
 THE FOLLOWING WEATHER WAS RECORDED TODAY.
  NO SIGNIFICANT WEATHER WAS OBSERVED.


RELATIVE HUMIDITY (PERCENT)
 HIGHEST    92           400 AM
 LOWEST     40           200 PM
 AVERAGE    66

..........................................................


THE DULUTH MN CLIMATE NORMALS FOR TOMORROW
                         NORMAL    RECORD    YEAR
 MAXIMUM TEMPERATURE (F)   52        81      1953
 MINIMUM TEMPERATURE (F)   35        16      1952


SUNRISE AND SUNSET
OCTOBER 15 2014.......SUNRISE   727 AM CDT   SUNSET   622 PM CDT
OCTOBER 16 2014.......SUNRISE   728 AM CDT   SUNSET   620 PM CDT


-  INDICATES NEGATIVE NUMBERS.
R  INDICATES RECORD WAS SET OR TIED.
MM INDICATES DATA IS MISSING.
T  INDICATES TRACE AMOUNT.




$$
