000
CDUS43 KDLH 130625
CLIDLH


CLIMATE REPORT
NATIONAL WEATHER SERVICE DULUTH MN
123 AM CDT MON MAR 13 2017


...................................

...THE DULUTH MN CLIMATE SUMMARY FOR MARCH 12 2017...

CLIMATE NORMAL PERIOD 1981 TO 2010
CLIMATE RECORD PERIOD 1870 TO 2017


WEATHER ITEM   OBSERVED TIME   RECORD YEAR NORMAL DEPARTURE LAST
                VALUE   (LST)  VALUE       VALUE  FROM      YEAR
                                                  NORMAL
..................................................................
TEMPERATURE (F)
 YESTERDAY
  MAXIMUM         18    330 PM  60    2016  33    -15       60
  MINIMUM          5    646 AM -18    1880  16    -11       33
  AVERAGE         12                        24    -12       47

PRECIPITATION (IN)
  YESTERDAY        0.06          2.24 1977   0.04   0.02     0.00
  MONTH TO DATE    0.30                      0.53  -0.23     0.33
  SINCE MAR 1      0.30                      0.53  -0.23     0.33
  SINCE JAN 1      3.26                      2.30   0.96     2.21

SNOWFALL (IN)
  YESTERDAY        1.2           7.1  1988   0.5    0.7      0.0
  MONTH TO DATE    1.2                       6.3   -5.1      3.2
  SINCE MAR 1      1.2                       6.3   -5.1      3.2
  SINCE JUL 1     60.2                      71.9  -11.7     57.4
  SNOW DEPTH       3

DEGREE DAYS
 HEATING
  YESTERDAY       53                        41     12       18
  MONTH TO DATE  552                       515     37      416
  SINCE MAR 1    552                       515     37      416
  SINCE JUL 1   6242                      7382  -1140     6253

 COOLING
  YESTERDAY        0                         0      0        0
  MONTH TO DATE    0                         0      0        0
  SINCE MAR 1      0                         0      0        0
  SINCE JAN 1      0                         0      0        0
..................................................................


WIND (MPH)
  HIGHEST WIND SPEED    16   HIGHEST WIND DIRECTION     E (100)
  HIGHEST GUST SPEED    19   HIGHEST GUST DIRECTION     E (100)
  AVERAGE WIND SPEED     8.1


SKY COVER
  AVERAGE SKY COVER 0.6


WEATHER CONDITIONS
 THE FOLLOWING WEATHER WAS RECORDED YESTERDAY.
  LIGHT SNOW
  FOG
  HAZE


RELATIVE HUMIDITY (PERCENT)
 HIGHEST    84          1100 PM
 LOWEST     46           900 AM
 AVERAGE    65

..........................................................


THE DULUTH MN CLIMATE NORMALS FOR TODAY
                         NORMAL    RECORD    YEAR
 MAXIMUM TEMPERATURE (F)   33        58      2015
 MINIMUM TEMPERATURE (F)   16       -14      1895


SUNRISE AND SUNSET
MARCH 13 2017.........SUNRISE   725 AM CDT   SUNSET   712 PM CDT
MARCH 14 2017.........SUNRISE   723 AM CDT   SUNSET   713 PM CDT


-  INDICATES NEGATIVE NUMBERS.
R  INDICATES RECORD WAS SET OR TIED.
MM INDICATES DATA IS MISSING.
T  INDICATES TRACE AMOUNT.




$$
