000
CDUS43 KDLH 130625
CLIDLH


CLIMATE REPORT
NATIONAL WEATHER SERVICE DULUTH MN
124 AM CDT SUN APR 13 2014


...................................

...THE DULUTH MN CLIMATE SUMMARY FOR APRIL 12 2014...

CLIMATE NORMAL PERIOD 1981 TO 2010
CLIMATE RECORD PERIOD 1870 TO 2014


WEATHER ITEM   OBSERVED TIME   RECORD YEAR NORMAL DEPARTURE LAST
                VALUE   (LST)  VALUE       VALUE  FROM      YEAR
                                                  NORMAL
..................................................................
TEMPERATURE (F)
 YESTERDAY
  MAXIMUM         41   1238 AM  73    1908  47     -6       31
  MINIMUM         32    834 PM   6    1950  29      3       24
  AVERAGE         37                        38     -1       28

PRECIPITATION (IN)
  YESTERDAY        0.04          1.65 1893   0.08  -0.04     0.31
  MONTH TO DATE    0.84                      0.82   0.02     1.97
  SINCE MAR 1      2.75                      2.31   0.44     4.01
  SINCE JAN 1      5.60                      4.08   1.52     6.56

SNOWFALL (IN)
  YESTERDAY        0.5           6.0  2013   0.3    0.2      6.0
                                      1924
  MONTH TO DATE   13.4                       3.7    9.7     19.5
  SINCE MAR 1     34.3                      16.9   17.4     45.3
  SINCE JUL 1    118.1                      82.5   35.6     98.1
  SNOW DEPTH      10

DEGREE DAYS
 HEATING
  YESTERDAY       28                        27      1       37
  MONTH TO DATE  354                       355     -1      410
  SINCE MAR 1   1793                      1565    228     1743
  SINCE JUL 1   9234                      8432    802     8251

 COOLING
  YESTERDAY        0                         0      0        0
  MONTH TO DATE    0                         0      0        0
  SINCE MAR 1      0                         0      0        0
  SINCE JAN 1      0                         0      0        0
..................................................................


WIND (MPH)
  HIGHEST WIND SPEED    24   HIGHEST WIND DIRECTION     E (80)
  HIGHEST GUST SPEED    31   HIGHEST GUST DIRECTION     E (70)
  AVERAGE WIND SPEED    13.8


SKY COVER
  AVERAGE SKY COVER 1.0


WEATHER CONDITIONS
 THE FOLLOWING WEATHER WAS RECORDED YESTERDAY.
  RAIN
  LIGHT RAIN
  LT FREEZING RAIN
  LIGHT SNOW
  FOG
  FOG W/VISIBILITY <= 1/4 MILE


RELATIVE HUMIDITY (PERCENT)
 HIGHEST    96          1100 PM
 LOWEST     54           300 AM
 AVERAGE    75

..........................................................


THE DULUTH MN CLIMATE NORMALS FOR TODAY
                         NORMAL    RECORD    YEAR
 MAXIMUM TEMPERATURE (F)   48        74      1941
 MINIMUM TEMPERATURE (F)   29         9      1950


SUNRISE AND SUNSET
APRIL 13 2014.........SUNRISE   625 AM CDT   SUNSET   754 PM CDT
APRIL 14 2014.........SUNRISE   623 AM CDT   SUNSET   756 PM CDT


-  INDICATES NEGATIVE NUMBERS.
R  INDICATES RECORD WAS SET OR TIED.
MM INDICATES DATA IS MISSING.
T  INDICATES TRACE AMOUNT.




$$
