000
CDUS43 KDLH 090616
CLIDLH


CLIMATE REPORT
NATIONAL WEATHER SERVICE DULUTH MN
114 AM CDT WED APR 9 2014


...................................

...THE DULUTH MN CLIMATE SUMMARY FOR APRIL 8 2014...

CLIMATE NORMAL PERIOD 1981 TO 2010
CLIMATE RECORD PERIOD 1870 TO 2014


WEATHER ITEM   OBSERVED TIME   RECORD YEAR NORMAL DEPARTURE LAST
                VALUE   (LST)  VALUE       VALUE  FROM      YEAR
                                                  NORMAL
..................................................................
TEMPERATURE (F)
 YESTERDAY
  MAXIMUM         46    457 PM  74    1987  45      1       39
  MINIMUM         29   1135 PM   5    1974  27      2       32
                                      1972
                                      1885
  AVERAGE         38                        36      2       36

PRECIPITATION (IN)
  YESTERDAY        0.00          0.87 1875   0.07  -0.07     0.24
  MONTH TO DATE    0.80                      0.52   0.28     1.22
  SINCE MAR 1      2.71                      2.01   0.70     3.26
  SINCE JAN 1      5.56                      3.78   1.78     5.81

SNOWFALL (IN)
  YESTERDAY        0.0           4.0  1921   0.3   -0.3      1.5
  MONTH TO DATE   12.9                       2.5   10.4      6.5
  SINCE MAR 1     33.8                      15.7   18.1     32.3
  SINCE JUL 1    117.6                      81.3   36.3     85.1
  SNOW DEPTH      26

DEGREE DAYS
 HEATING
  YESTERDAY       27                        29     -2       29
  MONTH TO DATE  262                       244     18      275
  SINCE MAR 1   1701                      1454    247     1608
  SINCE JUL 1   9142                      8321    821     8116

 COOLING
  YESTERDAY        0                         0      0        0
  MONTH TO DATE    0                         0      0        0
  SINCE MAR 1      0                         0      0        0
  SINCE JAN 1      0                         0      0        0
..................................................................


WIND (MPH)
  HIGHEST WIND SPEED    18   HIGHEST WIND DIRECTION    NW (300)
  HIGHEST GUST SPEED    23   HIGHEST GUST DIRECTION    NW (330)
  AVERAGE WIND SPEED    10.9


SKY COVER
  AVERAGE SKY COVER 0.2


WEATHER CONDITIONS
 THE FOLLOWING WEATHER WAS RECORDED YESTERDAY.
  NO SIGNIFICANT WEATHER WAS OBSERVED.


RELATIVE HUMIDITY (PERCENT)
 HIGHEST    85           600 AM
 LOWEST     31           500 PM
 AVERAGE    58

..........................................................


THE DULUTH MN CLIMATE NORMALS FOR TODAY
                         NORMAL    RECORD    YEAR
 MAXIMUM TEMPERATURE (F)   46        80      1887
 MINIMUM TEMPERATURE (F)   27         6      2007


SUNRISE AND SUNSET
APRIL  9 2014.........SUNRISE   632 AM CDT   SUNSET   749 PM CDT
APRIL 10 2014.........SUNRISE   630 AM CDT   SUNSET   750 PM CDT


-  INDICATES NEGATIVE NUMBERS.
R  INDICATES RECORD WAS SET OR TIED.
MM INDICATES DATA IS MISSING.
T  INDICATES TRACE AMOUNT.




$$
