000
CDUS43 KDMX 100628 RRA
CLIMCW

CLIMATE REPORT
NATIONAL WEATHER SERVICE DES MOINES IA
127 AM CDT TUE OCT 10 2017


...................................

...THE MASON CITY IA CLIMATE SUMMARY FOR OCTOBER 9 2017...

CLIMATE NORMAL PERIOD 1981 TO 2010
CLIMATE RECORD PERIOD 1893 TO 2017


WEATHER ITEM   OBSERVED TIME   RECORD YEAR NORMAL DEPARTURE LAST
                VALUE   (LST)  VALUE       VALUE  FROM      YEAR
                                                  NORMAL
..................................................................
TEMPERATURE (F)
 YESTERDAY
  MAXIMUM         63    151 PM  89    2010  63      0       65
  MINIMUM         40   1159 PM  19    1915  39      1       31
  AVERAGE         52                        51      1       48

PRECIPITATION (IN)
  YESTERDAY        0.10          0.83 1968   0.09   0.01     0.00
  MONTH TO DATE    3.12                      0.83   2.29     0.46
  SINCE SEP 1      5.49                      4.10   1.39    11.49
  SINCE JAN 1     28.41                     30.46  -2.05    42.75

SNOWFALL (IN)
  YESTERDAY        0.0           0.0  2002   0.0    0.0      0.0
  MONTH TO DATE    0.0                       0.0    0.0      0.0
  SINCE SEP 1      0.0                       0.0    0.0      0.0
  SINCE JUL 1      0.0                       0.0    0.0      0.0
  SNOW DEPTH       0

DEGREE DAYS
 HEATING
  YESTERDAY       13                        14     -1       17
  MONTH TO DATE   57                       116    -59       85
  SINCE SEP 1    145                       293   -148      156
  SINCE JUL 1    168                       329   -161      174

 COOLING
  YESTERDAY        0                         0      0        0
  MONTH TO DATE    3                         2      1        1
  SINCE SEP 1    104                        56     48       86
  SINCE JAN 1    603                       612     -9      694
..................................................................


WIND (MPH)
  HIGHEST WIND SPEED    25   HIGHEST WIND DIRECTION    NW (330)
  HIGHEST GUST SPEED    30   HIGHEST GUST DIRECTION     N (360)
  AVERAGE WIND SPEED    16.0


SKY COVER
  POSSIBLE SUNSHINE  MM
  AVERAGE SKY COVER 0.4


WEATHER CONDITIONS
 THE FOLLOWING WEATHER WAS RECORDED YESTERDAY.
  RAIN
  LIGHT RAIN
  FOG


RELATIVE HUMIDITY (PERCENT)
 HIGHEST    76           900 PM
 LOWEST     30           100 PM
 AVERAGE    53

..........................................................


THE MASON CITY IA CLIMATE NORMALS FOR TODAY
                         NORMAL    RECORD    YEAR
 MAXIMUM TEMPERATURE (F)   63        87      1928
 MINIMUM TEMPERATURE (F)   38        20      1987


SUNRISE AND SUNSET
OCTOBER 10 2017.......SUNRISE   721 AM CDT   SUNSET   638 PM CDT
OCTOBER 11 2017.......SUNRISE   723 AM CDT   SUNSET   637 PM CDT


-  INDICATES NEGATIVE NUMBERS.
R  INDICATES RECORD WAS SET OR TIED.
MM INDICATES DATA IS MISSING.
T  INDICATES TRACE AMOUNT.




$$
