000
CDUS43 KDMX 030644 RRA
CLIMCW

CLIMATE REPORT
NATIONAL WEATHER SERVICE DES MOINES IA
142 AM CDT FRI JUL 3 2015


...................................

...THE MASON CITY IA CLIMATE SUMMARY FOR JULY 2 2015...

CLIMATE NORMAL PERIOD 1981 TO 2010
CLIMATE RECORD PERIOD 1893 TO 2015


WEATHER ITEM   OBSERVED TIME   RECORD YEAR NORMAL DEPARTURE LAST
                VALUE   (LST)  VALUE       VALUE  FROM      YEAR
                                                  NORMAL
..................................................................
TEMPERATURE (F)
 YESTERDAY
  MAXIMUM         74    414 PM 101    1934  83     -9       71
  MINIMUM         45    322 AM  43    1924  61    -16       51
  AVERAGE         60                        72    -12       61

PRECIPITATION (IN)
  YESTERDAY        0.00          3.01 2000   0.15  -0.15      T
  MONTH TO DATE    0.01                      0.30  -0.29     0.02
  SINCE JUN 1      5.05                      5.44  -0.39     8.67
  SINCE JAN 1     16.05                     17.92  -1.87    22.71

SNOWFALL (IN)
  YESTERDAY        0.0          MM      MM   0.0    0.0      0.0
  MONTH TO DATE    0.0                       0.0    0.0      0.0
  SINCE JUN 1      0.0                       0.0    0.0      0.0
  SINCE JUL 1      0.0                       0.0    0.0      0.0
  SNOW DEPTH       0

DEGREE DAYS
 HEATING
  YESTERDAY        5                         0      5        4
  MONTH TO DATE   12                         0     12        4
  SINCE JUN 1     24                        44    -20       17
  SINCE JUL 1     12                         0     12        4

 COOLING
  YESTERDAY        0                         7     -7        0
  MONTH TO DATE    0                        14    -14        0
  SINCE JUN 1    136                       152    -16      136
  SINCE JAN 1    166                       187    -21      189
..................................................................


WIND (MPH)
  HIGHEST WIND SPEED    15   HIGHEST WIND DIRECTION    SE (120)
  HIGHEST GUST SPEED    19   HIGHEST GUST DIRECTION    SE (120)
  AVERAGE WIND SPEED     4.8


SKY COVER
  POSSIBLE SUNSHINE  MM
  AVERAGE SKY COVER 0.0


WEATHER CONDITIONS
 THE FOLLOWING WEATHER WAS RECORDED YESTERDAY.
  FOG


RELATIVE HUMIDITY (PERCENT)
 HIGHEST   100           300 AM
 LOWEST     46           200 PM
 AVERAGE    73

..........................................................


THE MASON CITY IA CLIMATE NORMALS FOR TODAY
                         NORMAL    RECORD    YEAR
 MAXIMUM TEMPERATURE (F)   83       101      1990
 MINIMUM TEMPERATURE (F)   61        45      1967


SUNRISE AND SUNSET
JULY  3 2015..........SUNRISE   538 AM CDT   SUNSET   856 PM CDT
JULY  4 2015..........SUNRISE   539 AM CDT   SUNSET   856 PM CDT


-  INDICATES NEGATIVE NUMBERS.
R  INDICATES RECORD WAS SET OR TIED.
MM INDICATES DATA IS MISSING.
T  INDICATES TRACE AMOUNT.




$$
