000
CDUS43 KDMX 160644
CLIMCW

CLIMATE REPORT
NATIONAL WEATHER SERVICE DES MOINES IA
136 AM CDT FRI SEP 16 2016

...................................

...THE MASON CITY IA CLIMATE SUMMARY FOR SEPTEMBER 15 2016...

CLIMATE NORMAL PERIOD 1981 TO 2010
CLIMATE RECORD PERIOD 1893 TO 2016

WEATHER ITEM   OBSERVED TIME   RECORD YEAR NORMAL DEPARTURE LAST
                VALUE   (LST)  VALUE       VALUE  FROM      YEAR
                                                  NORMAL
..................................................................
TEMPERATURE (F)
 YESTERDAY
  MAXIMUM         81    307 PM  95    1939  74      7       85
  MINIMUM         55    316 AM  26    2011  49      6       61
  AVERAGE         68                        61      7       73

PRECIPITATION (IN)
  YESTERDAY        1.31          2.86 1936   0.11   1.20     0.00
  MONTH TO DATE    5.90                      1.69   4.21     2.90
  SINCE SEP 1      5.90                      1.69   4.21     2.90
  SINCE JAN 1     37.22                     28.05   9.17    30.71

SNOWFALL (IN)
  YESTERDAY        0.0           0.0  2002   0.0    0.0      0.0
                                      2001
  MONTH TO DATE    0.0                       0.0    0.0      0.0
  SINCE SEP 1      0.0                       0.0    0.0      0.0
  SINCE JUL 1      0.0                       0.0    0.0      0.0
  SNOW DEPTH       0

DEGREE DAYS
 HEATING
  YESTERDAY        0                         5     -5        0
  MONTH TO DATE   20                        53    -33       33
  SINCE SEP 1     20                        53    -33       33
  SINCE JUL 1     38                        89    -51       91

 COOLING
  YESTERDAY        3                         2      1        8
  MONTH TO DATE   50                        39     11       94
  SINCE SEP 1     50                        39     11       94
  SINCE JAN 1    658                       595     63      611
..................................................................

WIND (MPH)
  HIGHEST WIND SPEED    36   HIGHEST WIND DIRECTION    NW (320)
  HIGHEST GUST SPEED    49   HIGHEST GUST DIRECTION    NW (320)
  AVERAGE WIND SPEED    10.4

SKY COVER
  POSSIBLE SUNSHINE  MM
  AVERAGE SKY COVER 0.7

WEATHER CONDITIONS
 THE FOLLOWING WEATHER WAS RECORDED YESTERDAY.
  THUNDERSTORM
  HEAVY RAIN
  RAIN
  LIGHT RAIN
  FOG

RELATIVE HUMIDITY (PERCENT)
 HIGHEST   100          1000 PM
 LOWEST     58           200 PM
 AVERAGE    79
..........................................................

THE MASON CITY IA CLIMATE NORMALS FOR TODAY
                         NORMAL    RECORD    YEAR
 MAXIMUM TEMPERATURE (F)   73        94      1931
 MINIMUM TEMPERATURE (F)   48        30      1937

SUNRISE AND SUNSET
SEPTEMBER 16 2016.....SUNRISE   655 AM CDT   SUNSET   720 PM CDT
SEPTEMBER 17 2016.....SUNRISE   656 AM CDT   SUNSET   719 PM CDT

-  INDICATES NEGATIVE NUMBERS.
R  INDICATES RECORD WAS SET OR TIED.
MM INDICATES DATA IS MISSING.
T  INDICATES TRACE AMOUNT.

$$

FAB
