000
CDUS43 KJKL 200927
CLIJKL

CLIMATE REPORT
NATIONAL WEATHER SERVICE JACKSON KY
527 AM EDT THU JUL 20 2017

...................................

...THE JACKSON KY CLIMATE SUMMARY FOR JULY 19 2017...

CLIMATE NORMAL PERIOD 1981 TO 2010
CLIMATE RECORD PERIOD 1981 TO 2017


WEATHER ITEM   OBSERVED TIME   RECORD YEAR NORMAL DEPARTURE LAST
                VALUE   (LST)  VALUE       VALUE  FROM      YEAR
                                                  NORMAL
..................................................................

TEMPERATURE (F)
 YESTERDAY
  MAXIMUM         90    440 PM  94    1986  85      5       89
  MINIMUM         68    543 AM  54    2009  66      2       71
  AVERAGE         79                        75      4       80

PRECIPITATION (IN)
  YESTERDAY        0.00          1.33 2002   0.15  -0.15     0.00
  MONTH TO DATE    1.75                      2.82  -1.07     4.30
  SINCE JUN 1      7.96                      7.52   0.44     9.31
  SINCE JAN 1     31.38                     28.03   3.35    32.11

SNOWFALL (IN)
  YESTERDAY        0.0                       0.0    0.0      0.0
  MONTH TO DATE    0.0                       0.0    0.0      0.0
  SINCE JUN 1      0.0                       0.0    0.0      0.0
  SINCE JUL 1      0.0                       0.0    0.0      0.0
  SNOW DEPTH       0

DEGREE DAYS
 HEATING
  YESTERDAY        0                         0      0        0
  MONTH TO DATE    0                         0      0        0
  SINCE JUN 1      4                        12     -8        1
  SINCE JUL 1      0                         0      0        0

 COOLING
  YESTERDAY       14                        10      4       15
  MONTH TO DATE  220                       196     24      217
  SINCE JUN 1    426                       419      7      513
  SINCE JAN 1    625                       555     70      654
..................................................................

WIND (MPH)
  HIGHEST WIND SPEED     7   HIGHEST WIND DIRECTION    NW (300)
  HIGHEST GUST SPEED    10   HIGHEST GUST DIRECTION     W (290)
  AVERAGE WIND SPEED     1.2


SKY COVER
  POSSIBLE SUNSHINE  MM
  AVERAGE SKY COVER 0.1


WEATHER CONDITIONS
 THE FOLLOWING WEATHER WAS RECORDED YESTERDAY.
  NO SIGNIFICANT WEATHER WAS OBSERVED.


RELATIVE HUMIDITY (PERCENT)
 HIGHEST    90           400 AM
 LOWEST     47           400 PM
 AVERAGE    69
..........................................................

THE JACKSON KY CLIMATE NORMALS FOR TODAY
                         NORMAL    RECORD    YEAR
 MAXIMUM TEMPERATURE (F)   85        96      1986
 MINIMUM TEMPERATURE (F)   66        53      2009


SUNRISE AND SUNSET
JULY 20 2017..........SUNRISE   628 AM EDT   SUNSET   851 PM EDT
JULY 21 2017..........SUNRISE   628 AM EDT   SUNSET   850 PM EDT


-  INDICATES NEGATIVE NUMBERS.
R  INDICATES RECORD WAS SET OR TIED.
MM INDICATES DATA IS MISSING.
T  INDICATES TRACE AMOUNT.
$$
