000
CDUS43 KJKL 040815
CLIJKL

SDFCLIJKL 000
TTAA00 KJKL 040814

CLIMATE REPORT
NATIONAL WEATHER SERVICE JACKSON KY
413 AM EDT SAT JUL 4 2015

...................................

...THE JACKSON KY CLIMATE SUMMARY FOR JULY 3 2015...

CLIMATE NORMAL PERIOD 1981 TO 2010
CLIMATE RECORD PERIOD 1981 TO 2015


WEATHER ITEM   OBSERVED TIME   RECORD YEAR NORMAL DEPARTURE LAST
                VALUE   (LST)  VALUE       VALUE  FROM      YEAR
                                                  NORMAL
..................................................................
TEMPERATURE (F)
 YESTERDAY
  MAXIMUM         77    423 PM  94    2012  85     -8       78
  MINIMUM         66   1136 PM  56    2009  66      0       65
  AVERAGE         72                        75     -3       72

PRECIPITATION (IN)
  YESTERDAY        0.41          0.89 1994   0.14   0.27     0.00
  MONTH TO DATE    1.07                      0.44   0.63     0.04
  SINCE JUN 1      8.49                      5.14   3.35     3.16
  SINCE JAN 1     32.96                     25.65   7.31    24.02

SNOWFALL (IN)
  YESTERDAY        0.0                       0.0    0.0      0.0
  MONTH TO DATE    0.0                       0.0    0.0      0.0
  SINCE JUN 1      0.0                       0.0    0.0      0.0
  SINCE JUL 1      0.0                       0.0    0.0      0.0
  SNOW DEPTH       0

DEGREE DAYS
 HEATING
  YESTERDAY        0                         0      0        0
  MONTH TO DATE    0                         0      0        0
  SINCE JUN 1      9                        12     -3        0
  SINCE JUL 1      0                         0      0        0

 COOLING
  YESTERDAY        7                        10     -3        7
  MONTH TO DATE   19                        30    -11       35
  SINCE JUN 1    293                       253     40      322
  SINCE JAN 1    497                       389    108      513
..................................................................

WIND (MPH)
  HIGHEST WIND SPEED     7   HIGHEST WIND DIRECTION    SE (150)
  HIGHEST GUST SPEED    13   HIGHEST GUST DIRECTION     S (180)
  AVERAGE WIND SPEED     1.7

SKY COVER
  POSSIBLE SUNSHINE  MM
  AVERAGE SKY COVER 0.8

WEATHER CONDITIONS
 THE FOLLOWING WEATHER WAS RECORDED YESTERDAY.
  THUNDERSTORM
  HEAVY RAIN
  RAIN
  LIGHT RAIN
  FOG

RELATIVE HUMIDITY (PERCENT)
 HIGHEST   100           200 AM
 LOWEST     79           300 PM
 AVERAGE    90

..........................................................

THE JACKSON KY CLIMATE NORMALS FOR TODAY
                         NORMAL    RECORD    YEAR
 MAXIMUM TEMPERATURE (F)   85        95      2012
 MINIMUM TEMPERATURE (F)   66        56      1996
                                             1986

SUNRISE AND SUNSET
JULY  4 2015..........SUNRISE   617 AM EDT   SUNSET   858 PM EDT
JULY  5 2015..........SUNRISE   617 AM EDT   SUNSET   858 PM EDT


-  INDICATES NEGATIVE NUMBERS.
R  INDICATES RECORD WAS SET OR TIED.
MM INDICATES DATA IS MISSING.
T  INDICATES TRACE AMOUNT.


$$
