000
CDUS43 KJKL 280535
CLIJKL

CLIMATE REPORT
NATIONAL WEATHER SERVICE JACKSON KY
135 AM EDT TUE JUL 28 2015
...................................

...THE JACKSON KY CLIMATE SUMMARY FOR JULY 27 2015...

CLIMATE NORMAL PERIOD 1981 TO 2010
CLIMATE RECORD PERIOD 1981 TO 2015

WEATHER ITEM   OBSERVED TIME   RECORD YEAR NORMAL DEPARTURE LAST
                VALUE   (LST)  VALUE       VALUE  FROM      YEAR
                                                  NORMAL
..................................................................
TEMPERATURE (F)
 YESTERDAY
  MAXIMUM         85    304 PM  91    2005  85      0       77
                                      1997
                                      1995
  MINIMUM         72    615 AM  62    1996  66      6       68
                                      1994
                                      1984
  AVERAGE         79                        75      4       73

PRECIPITATION (IN)
  YESTERDAY        0.05          1.37 2014   0.15  -0.10     1.37
  MONTH TO DATE    8.87                      4.05   4.82     5.77
  SINCE JUN 1     16.29                      8.75   7.54     8.89
  SINCE JAN 1     40.76                     29.26  11.50    29.75

SNOWFALL (IN)
  YESTERDAY        0.0                       0.0    0.0      0.0
  MONTH TO DATE    0.0                       0.0    0.0      0.0
  SINCE JUN 1      0.0                       0.0    0.0      0.0
  SINCE JUL 1      0.0                       0.0    0.0      0.0
  SNOW DEPTH       0

DEGREE DAYS
 HEATING
  YESTERDAY        0                         0      0        0
  MONTH TO DATE    0                         0      0        1
  SINCE JUN 1      9                        12     -3        1
  SINCE JUL 1      0                         0      0        1

 COOLING
  YESTERDAY       14                        10      4        8
  MONTH TO DATE  273                       276     -3      240
  SINCE JUN 1    547                       499     48      527
  SINCE JAN 1    751                       635    116      718
..................................................................

WIND (MPH)
  HIGHEST WIND SPEED     8   HIGHEST WIND DIRECTION    NW (310)
  HIGHEST GUST SPEED    10   HIGHEST GUST DIRECTION    NE (30)
  AVERAGE WIND SPEED     0.6

SKY COVER
  POSSIBLE SUNSHINE  MM
  AVERAGE SKY COVER 0.4

WEATHER CONDITIONS
 THE FOLLOWING WEATHER WAS RECORDED YESTERDAY.
  LIGHT RAIN
  FOG
  HAZE

RELATIVE HUMIDITY (PERCENT)
 HIGHEST    94          1100 PM
 LOWEST     65           100 PM
 AVERAGE    80
..........................................................

THE JACKSON KY CLIMATE NORMALS FOR TODAY
                         NORMAL    RECORD    YEAR
 MAXIMUM TEMPERATURE (F)   85        94      1993
 MINIMUM TEMPERATURE (F)   66        57      2004

SUNRISE AND SUNSET
JULY 28 2015..........SUNRISE   634 AM EDT   SUNSET   845 PM EDT
JULY 29 2015..........SUNRISE   634 AM EDT   SUNSET   845 PM EDT

-  INDICATES NEGATIVE NUMBERS.
R  INDICATES RECORD WAS SET OR TIED.
MM INDICATES DATA IS MISSING.
T  INDICATES TRACE AMOUNT.

$$
