000
CDUS43 KJKL 032026
CLILOZ

CLIMATE REPORT
NATIONAL WEATHER SERVICE JACKSON KY
430 PM EDT TUE OCT 3 2017

...................................

...THE LONDON KY CLIMATE SUMMARY FOR OCTOBER 3 2017...
VALID TODAY AS OF 0400 PM LOCAL TIME.

CLIMATE NORMAL PERIOD 1981 TO 2010
CLIMATE RECORD PERIOD 1954 TO 2017


WEATHER ITEM   OBSERVED TIME   RECORD YEAR NORMAL DEPARTURE LAST
                VALUE   (LST)  VALUE       VALUE  FROM      YEAR
                                                  NORMAL
..................................................................
TEMPERATURE (F)
 TODAY
  MAXIMUM         81    227 PM  87    2005  74      7       76
  MINIMUM         48    653 AM  27    1974  50     -2       52
  AVERAGE         65                        62      3       64

PRECIPITATION (IN)
  TODAY            0.00          1.12 1962   0.10  -0.10     0.00
  MONTH TO DATE    0.00                      0.29  -0.29     0.00
  SINCE SEP 1      1.79                      3.66  -1.87     1.18

SNOWFALL (IN)
  TODAY           MM
  MONTH TO DATE   MM
  SINCE SEP 1     MM
  SINCE JUL 1     MM
  SNOW DEPTH      MM

DEGREE DAYS
 HEATING
  TODAY            0                         5     -5        1
  MONTH TO DATE    4                        14    -10       12
  SINCE SEP 1     45                        60    -15       33
  SINCE JUL 1     45                        61    -16       33

 COOLING
  TODAY            0                         1     -1        0
  MONTH TO DATE    0                         5     -5        0
  SINCE SEP 1    124                       148    -24      232
  SINCE JAN 1   1093                      1172    -79     1455
..................................................................

WIND (MPH)
  HIGHEST WIND SPEED     8   HIGHEST WIND DIRECTION    NE (60)
  HIGHEST GUST SPEED    12   HIGHEST GUST DIRECTION     E (80)
  AVERAGE WIND SPEED     2.2


SKY COVER
  POSSIBLE SUNSHINE  MM
  AVERAGE SKY COVER 0.0


WEATHER CONDITIONS
 THE FOLLOWING WEATHER WAS RECORDED TODAY.
  NO SIGNIFICANT WEATHER WAS OBSERVED.


RELATIVE HUMIDITY (PERCENT)
 HIGHEST    93           400 AM
 LOWEST     36           300 PM
 AVERAGE    65

..........................................................

THE LONDON KY CLIMATE NORMALS FOR TOMORROW
                         NORMAL    RECORD    YEAR
 MAXIMUM TEMPERATURE (F)   73        88      1959
 MINIMUM TEMPERATURE (F)   49        28      1974


SUNRISE AND SUNSET
OCTOBER  3 2017.......SUNRISE   734 AM EDT   SUNSET   716 PM EDT
OCTOBER  4 2017.......SUNRISE   734 AM EDT   SUNSET   715 PM EDT


-  INDICATES NEGATIVE NUMBERS.
R  INDICATES RECORD WAS SET OR TIED.
MM INDICATES DATA IS MISSING.
T  INDICATES TRACE AMOUNT.

$$

CGAL
