000
CDUS43 KJKL 240525
CLILOZ

CLIMATE REPORT
NATIONAL WEATHER SERVICE JACKSON KY
125 AM EDT SUN APR 24 2016

...................................

...THE LONDON KY CLIMATE SUMMARY FOR APRIL 23 2016...

CLIMATE NORMAL PERIOD 1981 TO 2010
CLIMATE RECORD PERIOD 1954 TO 2016

WEATHER ITEM   OBSERVED TIME   RECORD YEAR NORMAL DEPARTURE LAST
                VALUE   (LST)  VALUE       VALUE  FROM      YEAR
                                                  NORMAL
..................................................................
TEMPERATURE (F)
 YESTERDAY
  MAXIMUM         69    358 PM  87    1960  71     -2       62
  MINIMUM         48    325 AM  23    1986  47      1       34
  AVERAGE         59                        59      0       48

PRECIPITATION (IN)
  YESTERDAY        0.00          1.39 1977   0.15  -0.15     0.00
  MONTH TO DATE    1.23                      3.05  -1.82     5.03
  SINCE MAR 1      3.36                      7.10  -3.74    10.36

SNOWFALL (IN)
  YESTERDAY       MM
  MONTH TO DATE   MM
  SINCE MAR 1     MM
  SINCE JUL 1     MM
  SNOW DEPTH      MM

DEGREE DAYS
 HEATING
  YESTERDAY        6                         7     -1       17
  MONTH TO DATE  224                       232     -8      127
  SINCE MAR 1    623                       781   -158      651
  SINCE JUL 1   3539                      4057   -518     4272

 COOLING
  YESTERDAY        0                         1     -1        0
  MONTH TO DATE    9                        15     -6       21
  SINCE MAR 1      9                        18     -9       21
  SINCE JAN 1      9                        18     -9       21
..................................................................

WIND (MPH)
  HIGHEST WIND SPEED    14   HIGHEST WIND DIRECTION     N (10)
  HIGHEST GUST SPEED    19   HIGHEST GUST DIRECTION    NE (30)
  AVERAGE WIND SPEED     5.1

SKY COVER
  POSSIBLE SUNSHINE  MM
  AVERAGE SKY COVER 0.4

WEATHER CONDITIONS
 THE FOLLOWING WEATHER WAS RECORDED YESTERDAY.
  NO SIGNIFICANT WEATHER WAS OBSERVED.

RELATIVE HUMIDITY (PERCENT)
 HIGHEST    93           200 AM
 LOWEST     45           400 PM
 AVERAGE    69

..........................................................

THE LONDON KY CLIMATE NORMALS FOR TODAY
                         NORMAL    RECORD    YEAR
 MAXIMUM TEMPERATURE (F)   71        89      2009
 MINIMUM TEMPERATURE (F)   47        28      1986

SUNRISE AND SUNSET
APRIL 24 2016.........SUNRISE   650 AM EDT   SUNSET   820 PM EDT
APRIL 25 2016.........SUNRISE   648 AM EDT   SUNSET   821 PM EDT

-  INDICATES NEGATIVE NUMBERS.
R  INDICATES RECORD WAS SET OR TIED.
MM INDICATES DATA IS MISSING.
T  INDICATES TRACE AMOUNT.

$$

ABE
