000
CDUS43 KJKL 231016
CLILOZ

CLIMATE REPORT
NATIONAL WEATHER SERVICE JACKSON KY
616 AM EDT SUN JUL 23 2017


...................................

...THE LONDON KY CLIMATE SUMMARY FOR JULY 22 2017...

CLIMATE NORMAL PERIOD 1981 TO 2010
CLIMATE RECORD PERIOD 1954 TO 2017


WEATHER ITEM   OBSERVED TIME   RECORD YEAR NORMAL DEPARTURE LAST
                VALUE   (LST)  VALUE       VALUE  FROM      YEAR
                                                  NORMAL
..................................................................
TEMPERATURE (F)
 YESTERDAY
  MAXIMUM         95R   213 PM  94    1978  86      9       91
  MINIMUM         72    557 AM  56    2007  66      6       67
                                      1966
  AVERAGE         84                        76      8       79

PRECIPITATION (IN)
  YESTERDAY        0.02          0.99 1977   0.13  -0.11     0.07
  MONTH TO DATE    3.42                      2.89   0.53     5.62
  SINCE JUN 1      7.90                      7.29   0.61     7.95

SNOWFALL (IN)
  YESTERDAY       MM
  MONTH TO DATE   MM
  SINCE JUN 1     MM
  SINCE JUL 1     MM
  SNOW DEPTH      MM

DEGREE DAYS
 HEATING
  YESTERDAY        0                         0      0        0
  MONTH TO DATE    0                         0      0        0
  SINCE JUN 1      3                         9     -6        2
  SINCE JUL 1      0                         0      0        0

COOLING
  YESTERDAY       19                        11      8       14
  MONTH TO DATE  270                       242     28      283
  SINCE JUN 1    457                       485    -28      582
  SINCE JAN 1    608                       599      9      684
..................................................................


WIND (MPH)
  HIGHEST WIND SPEED    18   HIGHEST WIND DIRECTION     W (290)
  HIGHEST GUST SPEED    25   HIGHEST GUST DIRECTION     W (290)
  AVERAGE WIND SPEED     6.0


SKY COVER
  POSSIBLE SUNSHINE  MM
  AVERAGE SKY COVER 0.1


WEATHER CONDITIONS
 THE FOLLOWING WEATHER WAS RECORDED YESTERDAY.
  THUNDERSTORM
  LIGHT RAIN
  FOG


RELATIVE HUMIDITY (PERCENT)
 HIGHEST    93           300 AM
 LOWEST     44           200 PM
 AVERAGE    69

..........................................................


THE LONDON KY CLIMATE NORMALS FOR TODAY
                         NORMAL    RECORD    YEAR
 MAXIMUM TEMPERATURE (F)   86        95      1999
                                             1983
 MINIMUM TEMPERATURE (F)   66        58      2003


SUNRISE AND SUNSET
JULY 23 2017..........SUNRISE   634 AM EDT   SUNSET   851 PM EDT
JULY 24 2017..........SUNRISE   635 AM EDT   SUNSET   850 PM EDT


-  INDICATES NEGATIVE NUMBERS.
R  INDICATES RECORD WAS SET OR TIED.
MM INDICATES DATA IS MISSING.
T  INDICATES TRACE AMOUNT.




$$
