160
CDUS43 KJKL 232122
CLILOZ

CLIMATE REPORT
NATIONAL WEATHER SERVICE JACKSON KY
422 PM EST THU FEB 23 2017

...................................

...THE LONDON KY CLIMATE SUMMARY FOR FEBRUARY 23 2017...
VALID TODAY AS OF 0400 PM LOCAL TIME.

CLIMATE NORMAL PERIOD 1981 TO 2010
CLIMATE RECORD PERIOD 1954 TO 2017

WEATHER ITEM   OBSERVED TIME   RECORD YEAR NORMAL DEPARTURE LAST
                VALUE   (LST)  VALUE       VALUE  FROM      YEAR
                                                  NORMAL
..................................................................
TEMPERATURE (F)
 TODAY
  MAXIMUM         71    358 PM  76    1982  52     19       56
  MINIMUM         45    621 AM   3    1963  31     14       42
  AVERAGE         58                        42     16       49

PRECIPITATION (IN)
  TODAY            0.00          1.80 1994   0.15  -0.15     0.32
  MONTH TO DATE    1.13                      3.03  -1.90     5.59
  SINCE DEC 1     11.51                     10.81   0.70    13.12
  SINCE JAN 1      5.21                      6.57  -1.36     7.67

SNOWFALL (IN)
  TODAY           MM
  MONTH TO DATE   MM
  SINCE DEC 1     MM
  SINCE JUL 1     MM
  SNOW DEPTH      MM

DEGREE DAYS
 HEATING
  TODAY            7                        23    -16       16
  MONTH TO DATE  438                       598   -160      618
  SINCE DEC 1   1924                      2331   -407     2124
  SINCE JUL 1   2515                      3161   -646     2789

 COOLING
  TODAY            0                         0      0        0
  MONTH TO DATE    0                         0      0        0
  SINCE DEC 1      0                         1     -1        0
  SINCE JAN 1      0                         0      0        0
..................................................................

WIND (MPH)
  HIGHEST WIND SPEED    13   HIGHEST WIND DIRECTION     S (190)
  HIGHEST GUST SPEED    17   HIGHEST GUST DIRECTION     S (200)
  AVERAGE WIND SPEED     2.5

SKY COVER
  POSSIBLE SUNSHINE  MM
  AVERAGE SKY COVER 0.9

WEATHER CONDITIONS
 THE FOLLOWING WEATHER WAS RECORDED TODAY.
  FOG
  FOG W/VISIBILITY <= 1/4 MILE

RELATIVE HUMIDITY (PERCENT)
 HIGHEST   100           300 AM
 LOWEST     49           400 PM
 AVERAGE    75

..........................................................

THE LONDON KY CLIMATE NORMALS FOR TOMORROW
                         NORMAL    RECORD    YEAR
 MAXIMUM TEMPERATURE (F)   52        70      2000
                                             1982
 MINIMUM TEMPERATURE (F)   31         2      1967

SUNRISE AND SUNSET
FEBRUARY 23 2017......SUNRISE   715 AM EST   SUNSET   625 PM EST
FEBRUARY 24 2017......SUNRISE   714 AM EST   SUNSET   626 PM EST

-  INDICATES NEGATIVE NUMBERS.
R  INDICATES RECORD WAS SET OR TIED.
MM INDICATES DATA IS MISSING.
T  INDICATES TRACE AMOUNT.

$$

CARICO
