000
CDUS43 KJKL 230953
CLILOZ

CLIMATE REPORT
NATIONAL WEATHER SERVICE JACKSON KY
553 AM EDT THU MAR 23 2017

...................................

...THE LONDON KY CLIMATE SUMMARY FOR MARCH 22 2017...

CLIMATE NORMAL PERIOD 1981 TO 2010
CLIMATE RECORD PERIOD 1954 TO 2017


WEATHER ITEM   OBSERVED TIME   RECORD YEAR NORMAL DEPARTURE LAST
                VALUE   (LST)  VALUE       VALUE  FROM      YEAR
                                                  NORMAL
..................................................................

TEMPERATURE (F)
 YESTERDAY
  MAXIMUM         52    458 PM  82    2012  61     -9       67
  MINIMUM         35    704 AM  15    1986  38     -3       29
  AVERAGE         44                        49     -5       48

PRECIPITATION (IN)
  YESTERDAY        0.00          1.37 1968   0.13  -0.13     0.00
  MONTH TO DATE    3.21                      2.87   0.34     1.05
  SINCE MAR 1      3.21                      2.87   0.34     1.05

SNOWFALL (IN)
  YESTERDAY       MM
  MONTH TO DATE   MM
  SINCE MAR 1     MM
  SINCE JUL 1     MM
  SNOW DEPTH      MM

DEGREE DAYS
 HEATING
  YESTERDAY       21                        16      5       17
  MONTH TO DATE  474                       417     57      315
  SINCE MAR 1    474                       417     57      315
  SINCE JUL 1   3069                      3693   -624     3231

 COOLING
  YESTERDAY        0                         0      0        0
  MONTH TO DATE    0                         0      0        0
  SINCE MAR 1      0                         0      0        0
  SINCE JAN 1      0                         0      0        0
..................................................................

WIND (MPH)
  HIGHEST WIND SPEED    17   HIGHEST WIND DIRECTION     N (360)
  HIGHEST GUST SPEED    24   HIGHEST GUST DIRECTION     N (360)
  AVERAGE WIND SPEED    10.3


SKY COVER
  POSSIBLE SUNSHINE  MM
  AVERAGE SKY COVER 0.0


WEATHER CONDITIONS
 THE FOLLOWING WEATHER WAS RECORDED YESTERDAY.
  NO SIGNIFICANT WEATHER WAS OBSERVED.


RELATIVE HUMIDITY (PERCENT)
 HIGHEST    66          1200 AM
 LOWEST     17           400 PM
 AVERAGE    42
..........................................................

THE LONDON KY CLIMATE NORMALS FOR TODAY
                         NORMAL    RECORD    YEAR
 MAXIMUM TEMPERATURE (F)   61        81      2007
 MINIMUM TEMPERATURE (F)   38        16      1960


SUNRISE AND SUNSET
MARCH 23 2017.........SUNRISE   735 AM EDT   SUNSET   751 PM EDT
MARCH 24 2017.........SUNRISE   734 AM EDT   SUNSET   752 PM EDT


-  INDICATES NEGATIVE NUMBERS.
R  INDICATES RECORD WAS SET OR TIED.
MM INDICATES DATA IS MISSING.
T  INDICATES TRACE AMOUNT.
$$
