262
CDUS43 KLMK 160639
CLIBWG


CLIMATE REPORT
NATIONAL WEATHER SERVICE LOUISVILLE KY
138 AM EST TUE JAN 16 2018


...................................

...THE BOWLING GREEN KY CLIMATE SUMMARY FOR JANUARY 15 2018...

CLIMATE NORMAL PERIOD 1981 TO 2010
CLIMATE RECORD PERIOD 1870 TO 2018


WEATHER ITEM   OBSERVED TIME   RECORD YEAR NORMAL DEPARTURE LAST
                VALUE   (LST)  VALUE       VALUE  FROM      YEAR
                                                  NORMAL
..................................................................
TEMPERATURE (F)
 YESTERDAY
  MAXIMUM         37    250 PM  70    1952  45     -8       48
  MINIMUM         19   1159 PM  -3    1964  26     -7       42
                                      1893
  AVERAGE         28                        35     -7       45

PRECIPITATION (IN)
  YESTERDAY        0.02          3.02 1898   0.11  -0.09     0.05
  MONTH TO DATE    1.11                      1.72  -0.61     2.22
  SINCE DEC 1      4.60                      6.52  -1.92     7.86
  SINCE JAN 1      1.11                      1.72  -0.61     2.22

SNOWFALL (IN)
  YESTERDAY       MM             4.0  1917   0.1   MM        0.0
  MONTH TO DATE    3.6                       1.4    2.2      0.7
  SINCE DEC 1      3.6                       2.6    1.0      0.7
  SINCE JUL 1      3.6                       2.6    1.0      0.7
  SNOW DEPTH       3

DEGREE DAYS
 HEATING
  YESTERDAY       37                        30      7       20
  MONTH TO DATE  553                       445    108      374
  SINCE DEC 1   1390                      1266    124     1169
  SINCE JUL 1   2091                      2029     62     1655

 COOLING
  YESTERDAY        0                         0      0        0
  MONTH TO DATE    0                         0      0        0
  SINCE DEC 1      0                         1     -1        0
  SINCE JAN 1      0                         0      0        0
..................................................................


WIND (MPH)
  HIGHEST WIND SPEED    16   HIGHEST WIND DIRECTION    SW (210)
  HIGHEST GUST SPEED    24   HIGHEST GUST DIRECTION    SW (210)
  AVERAGE WIND SPEED     8.0


SKY COVER
  POSSIBLE SUNSHINE  MM
  AVERAGE SKY COVER 0.9


WEATHER CONDITIONS
 THE FOLLOWING WEATHER WAS RECORDED YESTERDAY.
  LIGHT SNOW
  FOG
  HAZE


RELATIVE HUMIDITY (PERCENT)
 HIGHEST    92           700 PM
 LOWEST     54           100 PM
 AVERAGE    73

..........................................................


THE BOWLING GREEN KY CLIMATE NORMALS FOR TODAY
                         NORMAL    RECORD    YEAR
 MAXIMUM TEMPERATURE (F)   45        73      1928
 MINIMUM TEMPERATURE (F)   26        -9      1982


SUNRISE AND SUNSET
JANUARY 16 2018.......SUNRISE   658 AM CST   SUNSET   454 PM CST
JANUARY 17 2018.......SUNRISE   657 AM CST   SUNSET   455 PM CST


-  INDICATES NEGATIVE NUMBERS.
R  INDICATES RECORD WAS SET OR TIED.
MM INDICATES DATA IS MISSING.
T  INDICATES TRACE AMOUNT.




$$
