000
CDUS43 KLMK 102029
CLIBWG

CLIMATE REPORT
NATIONAL WEATHER SERVICE LOUISVILLE KY
427 PM EDT THU APR 10 2014


...................................

...THE BOWLING GREEN CLIMATE SUMMARY FOR APRIL 10 2014...
VALID TODAY AS OF 0400 PM LOCAL TIME.

CLIMATE NORMAL PERIOD 1981 TO 2010
CLIMATE RECORD PERIOD 1870 TO 2014


WEATHER ITEM   OBSERVED TIME   RECORD YEAR NORMAL DEPARTURE LAST
                VALUE   (LST)  VALUE       VALUE  FROM      YEAR
                                                  NORMAL
..................................................................
TEMPERATURE (F)
 TODAY
  MAXIMUM         75    200 PM  90    1995  68      7       86
  MINIMUM         40        MM  24    1892  44     -4       62
                                      1966
  AVERAGE         58                        56      2       74

PRECIPITATION (IN)
  TODAY            0.00          1.45 1925   0.14  -0.14     0.00
  MONTH TO DATE    2.31                      1.34   0.97     0.17
  SINCE MAR 1      6.04                      5.75   0.29     5.38
  SINCE JAN 1     13.21                     13.32  -0.11    13.07

SNOWFALL (IN)
  TODAY            0.0           0.0    MM   0.0    0.0      0.0
  MONTH TO DATE    0.0                       0.1   -0.1      0.0
  SINCE MAR 1      5.1                       1.2    3.9      2.5
  SINCE JUL 1     10.4                       9.0    1.4      3.8
  SNOW DEPTH       0

DEGREE DAYS
 HEATING
  TODAY            7                        10     -3        0
  MONTH TO DATE   78                       110    -32      103
  SINCE MAR 1    731                       630    101      780
  SINCE JUL 1   4340                      3828    512     3675

 COOLING
  TODAY            0                         1     -1        9
  MONTH TO DATE    3                         9     -6       19
  SINCE MAR 1      3                        14    -11       19
  SINCE JAN 1      3                        14    -11       19
..................................................................


WIND (MPH)
  HIGHEST WIND SPEED    22   HIGHEST WIND DIRECTION     S (200)
  HIGHEST GUST SPEED    30   HIGHEST GUST DIRECTION     S (200)
  AVERAGE WIND SPEED     9.6


SKY COVER
  POSSIBLE SUNSHINE  MM
  AVERAGE SKY COVER 0.0


WEATHER CONDITIONS
 THE FOLLOWING WEATHER WAS RECORDED TODAY.
  NO SIGNIFICANT WEATHER WAS OBSERVED.


RELATIVE HUMIDITY (PERCENT)
 HIGHEST    76           100 AM
 LOWEST     27           200 PM
 AVERAGE    52

..........................................................


THE BOWLING GREEN CLIMATE NORMALS FOR TOMORROW
                         NORMAL    RECORD    YEAR
 MAXIMUM TEMPERATURE (F)   69        92      1930
 MINIMUM TEMPERATURE (F)   44        24      1973
                                             1989


SUNRISE AND SUNSET
APRIL 10 2014.........SUNRISE   619 AM CDT   SUNSET   716 PM CDT
APRIL 11 2014.........SUNRISE   617 AM CDT   SUNSET   717 PM CDT


-  INDICATES NEGATIVE NUMBERS.
R  INDICATES RECORD WAS SET OR TIED.
MM INDICATES DATA IS MISSING.
T  INDICATES TRACE AMOUNT.




$$
