000
CDUS43 KLMK 182134
CLIBWG


CLIMATE REPORT
NATIONAL WEATHER SERVICE LOUISVILLE KY
433 PM EST SAT FEB 18 2017


...................................

...THE BOWLING GREEN CLIMATE SUMMARY FOR FEBRUARY 18 2017...
VALID TODAY AS OF 0400 PM LOCAL TIME.

CLIMATE NORMAL PERIOD 1981 TO 2010
CLIMATE RECORD PERIOD 1870 TO 2017


WEATHER ITEM   OBSERVED TIME   RECORD YEAR NORMAL DEPARTURE LAST
                VALUE   (LST)  VALUE       VALUE  FROM      YEAR
                                                  NORMAL
..................................................................
TEMPERATURE (F)
 TODAY
  MAXIMUM         55   1000 AM  72    1913  51      4       57
  MINIMUM         42    157 AM  -7    1958  30     12       24
  AVERAGE         49                        40      9       41

PRECIPITATION (IN)
  TODAY            0.06          1.15 2009   0.14  -0.08     0.00
  MONTH TO DATE    2.10                      2.57  -0.47     3.32
  SINCE DEC 1     11.90                     10.98   0.92    10.36
  SINCE JAN 1      6.26                      6.18   0.08     5.13

SNOWFALL (IN)
  TODAY            0.0           5.0  1979   0.1   -0.1      0.0
  MONTH TO DATE    0.0                       2.5   -2.5      9.2
  SINCE DEC 1      0.7                       7.0   -6.3     24.0
  SINCE JUL 1      0.7                       7.0   -6.3     24.0
  SNOW DEPTH       0

DEGREE DAYS
 HEATING
  TODAY           16                        24     -8       24
  MONTH TO DATE  369                       476   -107      519
  SINCE DEC 1   1804                      2205   -401     1904
  SINCE JUL 1   2290                      2968   -678     2442

 COOLING
  TODAY            0                         0      0        0
  MONTH TO DATE    0                         0      0        0
  SINCE DEC 1      0                         1     -1        2
  SINCE JAN 1      0                         0      0        0
..................................................................


WIND (MPH)
  HIGHEST WIND SPEED    13   HIGHEST WIND DIRECTION     S (200)
  HIGHEST GUST SPEED    14   HIGHEST GUST DIRECTION     S (200)
  AVERAGE WIND SPEED     4.2


SKY COVER
  POSSIBLE SUNSHINE  MM
  AVERAGE SKY COVER 0.7


WEATHER CONDITIONS
 THE FOLLOWING WEATHER WAS RECORDED TODAY.
  LIGHT RAIN


RELATIVE HUMIDITY (PERCENT)
 HIGHEST    83          1200 PM
 LOWEST     59           600 AM
 AVERAGE    71

..........................................................


THE BOWLING GREEN CLIMATE NORMALS FOR TOMORROW
                         NORMAL    RECORD    YEAR
 MAXIMUM TEMPERATURE (F)   51        73      1994
                                             1939
                                             1913
 MINIMUM TEMPERATURE (F)   31        -7      2015


SUNRISE AND SUNSET
FEBRUARY 18 2017......SUNRISE   630 AM CST   SUNSET   529 PM CST
FEBRUARY 19 2017......SUNRISE   629 AM CST   SUNSET   530 PM CST


-  INDICATES NEGATIVE NUMBERS.
R  INDICATES RECORD WAS SET OR TIED.
MM INDICATES DATA IS MISSING.
T  INDICATES TRACE AMOUNT.




$$
