000
CDUS43 KLMK 090637
CLIBWG


CLIMATE REPORT
NATIONAL WEATHER SERVICE LOUISVILLE KY
137 AM EST MON JAN 9 2017


...................................

...THE BOWLING GREEN KY CLIMATE SUMMARY FOR JANUARY 8 2017...

CLIMATE NORMAL PERIOD 1981 TO 2010
CLIMATE RECORD PERIOD 1870 TO 2017


WEATHER ITEM   OBSERVED TIME   RECORD YEAR NORMAL DEPARTURE LAST
                VALUE   (LST)  VALUE       VALUE  FROM      YEAR
                                                  NORMAL
..................................................................
TEMPERATURE (F)
 YESTERDAY
  MAXIMUM         28    245 PM  69    2008  45    -17       58
                                      2006
  MINIMUM          9    728 AM -12    1877  26    -17       47
  AVERAGE         19                        35    -16       53

PRECIPITATION (IN)
  YESTERDAY        0.00          3.40 1920   0.11  -0.11     0.04
  MONTH TO DATE    0.96                      0.94   0.02     0.04
  SINCE DEC 1      5.70                      5.74  -0.04     5.27
  SINCE JAN 1      0.96                      0.94   0.02     0.04

SNOWFALL (IN)
  YESTERDAY        0.0           4.0  1926   0.1   -0.1      0.0
  MONTH TO DATE    0.7                       0.7    0.0      0.0
  SINCE DEC 1      0.7                       1.9   -1.2       T
  SINCE JUL 1      0.7                       1.9   -1.2       T
  SNOW DEPTH       T

DEGREE DAYS
 HEATING
  YESTERDAY       46                        30     16       12
  MONTH TO DATE  252                       235     17      216
  SINCE DEC 1   1047                      1056     -9      657
  SINCE JUL 1   1533                      1819   -286     1195

 COOLING
  YESTERDAY        0                         0      0        0
  MONTH TO DATE    0                         0      0        0
  SINCE DEC 1      0                         1     -1        2
  SINCE JAN 1      0                         0      0        0
..................................................................


WIND (MPH)
  HIGHEST WIND SPEED     8   HIGHEST WIND DIRECTION    SW (210)
  HIGHEST GUST SPEED    13   HIGHEST GUST DIRECTION    SW (210)
  AVERAGE WIND SPEED     2.2


SKY COVER
  POSSIBLE SUNSHINE  MM
  AVERAGE SKY COVER 0.1


WEATHER CONDITIONS
 THE FOLLOWING WEATHER WAS RECORDED YESTERDAY.
  NO SIGNIFICANT WEATHER WAS OBSERVED.


RELATIVE HUMIDITY (PERCENT)
 HIGHEST    76           600 AM
 LOWEST     33           300 PM
 AVERAGE    55

..........................................................


THE BOWLING GREEN KY CLIMATE NORMALS FOR TODAY
                         NORMAL    RECORD    YEAR
 MAXIMUM TEMPERATURE (F)   45        70      1930
 MINIMUM TEMPERATURE (F)   26       -24      1877


SUNRISE AND SUNSET
JANUARY  9 2017.......SUNRISE   659 AM CST   SUNSET   447 PM CST
JANUARY 10 2017.......SUNRISE   659 AM CST   SUNSET   448 PM CST


-  INDICATES NEGATIVE NUMBERS.
R  INDICATES RECORD WAS SET OR TIED.
MM INDICATES DATA IS MISSING.
T  INDICATES TRACE AMOUNT.




$$
