000
CDUS43 KLMK 082029
CLIBWG


CLIMATE REPORT
NATIONAL WEATHER SERVICE LOUISVILLE KY
429 PM EDT MON SEP 8 2014


...................................

...THE BOWLING GREEN CLIMATE SUMMARY FOR SEPTEMBER 8 2014...
VALID TODAY AS OF 0400 PM LOCAL TIME.

CLIMATE NORMAL PERIOD 1981 TO 2010
CLIMATE RECORD PERIOD 1870 TO 2014


WEATHER ITEM   OBSERVED TIME   RECORD YEAR NORMAL DEPARTURE LAST
                VALUE   (LST)  VALUE       VALUE  FROM      YEAR
                                                  NORMAL
..................................................................
TEMPERATURE (F)
 TODAY
  MAXIMUM         77    159 PM 103    1939  85     -8       88
  MINIMUM         59    505 AM  47    1956  61     -2       67
                                      1898
  AVERAGE         68                        73     -5       78

PRECIPITATION (IN)
  TODAY            0.00          1.32 1914   0.13  -0.13      T
  MONTH TO DATE    0.13                      1.00  -0.87     0.84
  SINCE SEP 1      0.13                      1.00  -0.87     0.84
  SINCE JAN 1     36.29                     34.56   1.73    43.54

SNOWFALL (IN)
  TODAY            0.0           0.0    MM   0.0    0.0      0.0
  MONTH TO DATE    0.0                       0.0    0.0      0.0
  SINCE SEP 1      0.0                       0.0    0.0      0.0
  SINCE JUL 1      0.0                       0.0    0.0      0.0
  SNOW DEPTH       0

DEGREE DAYS
 HEATING
  TODAY            0                         0      0        0
  MONTH TO DATE    0                         0      0        0
  SINCE SEP 1      0                         0      0        0
  SINCE JUL 1      0                         1     -1        0

 COOLING
  TODAY            3                         8     -5       13
  MONTH TO DATE   95                        74     21       79
  SINCE SEP 1     95                        74     21       79
  SINCE JAN 1   1372                      1343     29     1339
..................................................................


WIND (MPH)
  HIGHEST WIND SPEED     8   HIGHEST WIND DIRECTION    SE (130)
  HIGHEST GUST SPEED    12   HIGHEST GUST DIRECTION    SE (140)
  AVERAGE WIND SPEED     2.2


SKY COVER
  POSSIBLE SUNSHINE  MM
  AVERAGE SKY COVER 0.5


WEATHER CONDITIONS
 THE FOLLOWING WEATHER WAS RECORDED TODAY.
  NO SIGNIFICANT WEATHER WAS OBSERVED.


RELATIVE HUMIDITY (PERCENT)
 HIGHEST    87           900 AM
 LOWEST     67          1200 AM
 AVERAGE    77

..........................................................


THE BOWLING GREEN CLIMATE NORMALS FOR TOMORROW
                         NORMAL    RECORD    YEAR
 MAXIMUM TEMPERATURE (F)   85       103      1939
 MINIMUM TEMPERATURE (F)   61        44      1958


SUNRISE AND SUNSET
SEPTEMBER  8 2014.....SUNRISE   622 AM CDT   SUNSET   704 PM CDT
SEPTEMBER  9 2014.....SUNRISE   623 AM CDT   SUNSET   702 PM CDT


-  INDICATES NEGATIVE NUMBERS.
R  INDICATES RECORD WAS SET OR TIED.
MM INDICATES DATA IS MISSING.
T  INDICATES TRACE AMOUNT.




$$
