000
CDUS43 KLMK 052032
CLIBWG


CLIMATE REPORT
NATIONAL WEATHER SERVICE LOUISVILLE KY
431 PM EDT TUE SEP 5 2017


...................................

...THE BOWLING GREEN CLIMATE SUMMARY FOR SEPTEMBER 5 2017...
VALID TODAY AS OF 0400 PM LOCAL TIME.

CLIMATE NORMAL PERIOD 1981 TO 2010
CLIMATE RECORD PERIOD 1870 TO 2017


WEATHER ITEM   OBSERVED TIME   RECORD YEAR NORMAL DEPARTURE LAST
                VALUE   (LST)  VALUE       VALUE  FROM      YEAR
                                                  NORMAL
..................................................................
TEMPERATURE (F)
 TODAY
  MAXIMUM         76   1246 AM 104    1954  86    -10       91
                                      1925
  MINIMUM         65   1205 PM  45    1902  62      3       66
  AVERAGE         71                        74     -3       79

PRECIPITATION (IN)
  TODAY            0.13          2.35 1944   0.12   0.01     0.00
  MONTH TO DATE    5.18                      0.61   4.57     0.00
  SINCE SEP 1      5.18                      0.61   4.57     0.00
  SINCE JAN 1     42.26                     34.17   8.09    37.92

SNOWFALL (IN)
  TODAY            0.0           0.0    MM   0.0    0.0      0.0
  MONTH TO DATE    0.0                       0.0    0.0      0.0
  SINCE SEP 1      0.0                       0.0    0.0      0.0
  SINCE JUL 1      0.0                       0.0    0.0      0.0
  SNOW DEPTH       0

DEGREE DAYS
 HEATING
  TODAY            0                         0      0        0
  MONTH TO DATE    2                         0      2        0
  SINCE SEP 1      2                         0      2        0
  SINCE JUL 1      2                         1      1        0

 COOLING
  TODAY            6                         9     -3       14
  MONTH TO DATE   22                        48    -26       51
  SINCE SEP 1     22                        48    -26       51
  SINCE JAN 1   1374                      1317     57     1610
..................................................................


WIND (MPH)
  HIGHEST WIND SPEED    16   HIGHEST WIND DIRECTION    SW (220)
  HIGHEST GUST SPEED    21   HIGHEST GUST DIRECTION     S (180)
  AVERAGE WIND SPEED     4.7


SKY COVER
  POSSIBLE SUNSHINE  MM
  AVERAGE SKY COVER 0.9


WEATHER CONDITIONS
 THE FOLLOWING WEATHER WAS RECORDED TODAY.
  THUNDERSTORM
  RAIN
  LIGHT RAIN
  FOG
  HAZE


RELATIVE HUMIDITY (PERCENT)
 HIGHEST    97           700 AM
 LOWEST     79          1200 AM
 AVERAGE    88

..........................................................


THE BOWLING GREEN CLIMATE NORMALS FOR TOMORROW
                         NORMAL    RECORD    YEAR
 MAXIMUM TEMPERATURE (F)   86       104      1954
                                             1925
 MINIMUM TEMPERATURE (F)   62        46      1988


SUNRISE AND SUNSET
SEPTEMBER  5 2017.....SUNRISE   620 AM CDT   SUNSET   708 PM CDT
SEPTEMBER  6 2017.....SUNRISE   621 AM CDT   SUNSET   706 PM CDT


-  INDICATES NEGATIVE NUMBERS.
R  INDICATES RECORD WAS SET OR TIED.
MM INDICATES DATA IS MISSING.
T  INDICATES TRACE AMOUNT.




$$
