000
CDUS41 KBOX 132126
CLIBOS


CLIMATE REPORT
NATIONAL WEATHER SERVICE TAUNTON MA
526 PM EDT FRI OCT 13 2017


...................................

...THE BOSTON MA CLIMATE SUMMARY FOR OCTOBER 13 2017...
VALID AS OF 0500 PM LOCAL TIME.

CLIMATE NORMAL PERIOD 1981 TO 2010
CLIMATE RECORD PERIOD 1872 TO 2017


WEATHER ITEM   OBSERVED TIME   RECORD YEAR NORMAL DEPARTURE LAST
                VALUE   (LST)  VALUE       VALUE  FROM      YEAR
                                                  NORMAL
..................................................................
TEMPERATURE (F)
 TODAY
  MAXIMUM         62    208 PM  87    1930  62      0       72
  MINIMUM         47    331 AM  30    1875  47      0       51
  AVERAGE         55                        55      0       62

PRECIPITATION (IN)
  TODAY            0.00          4.85 1895   0.12  -0.12      T
  MONTH TO DATE    0.39                      1.65  -1.26     2.59
  SINCE SEP 1      4.12                      5.09  -0.97     3.97
  SINCE JAN 1     35.41                     33.71   1.70    24.23

SNOWFALL (IN)
  TODAY            0.0           T    1934   0.0    0.0      0.0
  MONTH TO DATE    0.0                       0.0    0.0      0.0
  SINCE SEP 1      0.0                       0.0    0.0      0.0
  SINCE JUL 1      0.0                       0.0    0.0      0.0
  SNOW DEPTH      MM

DEGREE DAYS
 HEATING
  TODAY           10                        10      0        3
  MONTH TO DATE   45                       111    -66      103
  SINCE SEP 1     82                       195   -113      149
  SINCE JUL 1     94                       208   -114      156

 COOLING
  TODAY            0                         0      0        0
  MONTH TO DATE   34                         6     28        0
  SINCE SEP 1    145                        87     58      128
  SINCE JAN 1    874                       746    128     1022
..................................................................


WIND (MPH)
  HIGHEST WIND SPEED    20   HIGHEST WIND DIRECTION     E (100)
  HIGHEST GUST SPEED    23   HIGHEST GUST DIRECTION     E (100)
  AVERAGE WIND SPEED    11.3


SKY COVER
  POSSIBLE SUNSHINE  MM
  AVERAGE SKY COVER 0.2


WEATHER CONDITIONS
 THE FOLLOWING WEATHER WAS RECORDED TODAY.
  NO SIGNIFICANT WEATHER WAS OBSERVED.


RELATIVE HUMIDITY (PERCENT)
 HIGHEST    82           300 AM
 LOWEST     60          1000 AM
 AVERAGE    71

..........................................................


THE BOSTON MA CLIMATE NORMALS FOR TOMORROW
                         NORMAL    RECORD    YEAR
 MAXIMUM TEMPERATURE (F)   62        81      1923
 MINIMUM TEMPERATURE (F)   47        31      1875


SUNRISE AND SUNSET
OCTOBER 13 2017.......SUNRISE   655 AM EDT   SUNSET   605 PM EDT
OCTOBER 14 2017.......SUNRISE   656 AM EDT   SUNSET   603 PM EDT


-  INDICATES NEGATIVE NUMBERS.
R  INDICATES RECORD WAS SET OR TIED.
MM INDICATES DATA IS MISSING.
T  INDICATES TRACE AMOUNT.




$$
