000
CDUS41 KBOX 250543
CLIBOS


CLIMATE REPORT
NATIONAL WEATHER SERVICE TAUNTON MA
1238 AM EST THU DEC 25 2014


...................................

...THE BOSTON MA CLIMATE SUMMARY FOR DECEMBER 24 2014...

CLIMATE NORMAL PERIOD 1981 TO 2010
CLIMATE RECORD PERIOD 1872 TO 2014


WEATHER ITEM   OBSERVED TIME   RECORD YEAR NORMAL DEPARTURE LAST
                VALUE   (LST)  VALUE       VALUE  FROM      YEAR
                                                  NORMAL
..................................................................
TEMPERATURE (F)
 YESTERDAY
  MAXIMUM         46   1101 PM  61    1996  39      7       40
  MINIMUM         41    735 AM   0    1943  26     15       28
                                      1892
  AVERAGE         44                        32     12       34

PRECIPITATION (IN)
  YESTERDAY        0.56          1.33 1994   0.12   0.44     0.00
  MONTH TO DATE    6.41                      3.00   3.41     3.25
  SINCE DEC 1      6.41                      3.00   3.41     3.25
  SINCE JAN 1     45.10                     42.99   2.11    38.99

SNOWFALL (IN)
  YESTERDAY        0.0           8.4  1912   0.3   -0.3      0.0
  MONTH TO DATE    0.3                       6.3   -6.0     11.4
  SINCE DEC 1      0.3                       6.3   -6.0     11.4
  SINCE JUL 1      2.9                       7.6   -4.7     11.4
  SNOW DEPTH      MM

DEGREE DAYS
 HEATING
  YESTERDAY       21                        33    -12       31
  MONTH TO DATE  642                       700    -58      730
  SINCE DEC 1    642                       700    -58      730
  SINCE JUL 1   1655                      1755   -100     1746

 COOLING
  YESTERDAY        0                         0      0        0
  MONTH TO DATE    0                         0      0        0
  SINCE DEC 1      0                         0      0        0
  SINCE JAN 1    769                       747     22      920
..................................................................


WIND (MPH)
  RESULTANT WIND SPEED   7   RESULTANT WIND DIRECTION   N (10)
  HIGHEST WIND SPEED    13   HIGHEST WIND DIRECTION     N (20)
  HIGHEST GUST SPEED    15   HIGHEST GUST DIRECTION     N (20)
  AVERAGE WIND SPEED     6.4


SKY COVER
  POSSIBLE SUNSHINE  MM
  AVERAGE SKY COVER 1.0


WEATHER CONDITIONS
 THE FOLLOWING WEATHER WAS RECORDED YESTERDAY.
  RAIN
  LIGHT RAIN
  FOG
  FOG W/VISIBILITY <= 1/4 MILE


RELATIVE HUMIDITY (PERCENT)
 HIGHEST   100           800 AM
 LOWEST     96          1200 AM
 AVERAGE    98

..........................................................


THE BOSTON MA CLIMATE NORMALS FOR TODAY
                         NORMAL    RECORD    YEAR
 MAXIMUM TEMPERATURE (F)   38        65      1889
 MINIMUM TEMPERATURE (F)   25        -8      1872


SUNRISE AND SUNSET
DECEMBER 25 2014......SUNRISE   712 AM EST   SUNSET   417 PM EST
DECEMBER 26 2014......SUNRISE   712 AM EST   SUNSET   417 PM EST


-  INDICATES NEGATIVE NUMBERS.
R  INDICATES RECORD WAS SET OR TIED.
MM INDICATES DATA IS MISSING.
T  INDICATES TRACE AMOUNT.




$$
