434
CDUS41 KBOX 110533
CLIBOS


CLIMATE REPORT
NATIONAL WEATHER SERVICE TAUNTON MA
1233 AM EST THU FEB 11 2016


...................................

...THE BOSTON MA CLIMATE SUMMARY FOR FEBRUARY 10 2016...

CLIMATE NORMAL PERIOD 1981 TO 2010
CLIMATE RECORD PERIOD 1872 TO 2016


WEATHER ITEM   OBSERVED TIME   RECORD YEAR NORMAL DEPARTURE LAST
                VALUE   (LST)  VALUE       VALUE  FROM      YEAR
                                                  NORMAL
..................................................................
TEMPERATURE (F)
 YESTERDAY
  MAXIMUM         36    713 PM  60    1990  38     -2       30
  MINIMUM         20    224 AM  -5    1875  24     -4       14
  AVERAGE         28                        31     -3       22

PRECIPITATION (IN)
  YESTERDAY        T             1.73 1885   0.11  -0.11     0.05
  MONTH TO DATE    1.83                      1.08   0.75     2.25
  SINCE DEC 1      9.38                      8.22   1.16    12.38
  SINCE JAN 1      5.10                      4.44   0.66     5.82

SNOWFALL (IN)
  YESTERDAY        0.1           8.6  1926   0.3   -0.2      0.7
  MONTH TO DATE   13.4                       3.8    9.6     40.8
  SINCE DEC 1     23.8                      25.7   -1.9     75.4
  SINCE JUL 1     23.8                      27.0   -3.2     78.0
  SNOW DEPTH      MM

DEGREE DAYS
 HEATING
  YESTERDAY       37                        34      3       43
  MONTH TO DATE  277                       347    -70      447
  SINCE DEC 1   1881                      2402   -521     2468
  SINCE JUL 1   2736                      3457   -721     3481

 COOLING
  YESTERDAY        0                         0      0        0
  MONTH TO DATE    0                         0      0        0
  SINCE DEC 1      0                         0      0        0
  SINCE JAN 1      0                         0      0        0
..................................................................


WIND (MPH)
  RESULTANT WIND SPEED   5   RESULTANT WIND DIRECTION  SW (220)
  HIGHEST WIND SPEED    18   HIGHEST WIND DIRECTION     W (260)
  HIGHEST GUST SPEED    23   HIGHEST GUST DIRECTION     W (250)
  AVERAGE WIND SPEED     6.8


SKY COVER
  POSSIBLE SUNSHINE  MM
  AVERAGE SKY COVER 0.7


WEATHER CONDITIONS
 THE FOLLOWING WEATHER WAS RECORDED YESTERDAY.
  LIGHT SNOW
  FOG
  HAZE


RELATIVE HUMIDITY (PERCENT)
 HIGHEST   100          1200 PM
 LOWEST     63          1100 PM
 AVERAGE    82

..........................................................


THE BOSTON MA CLIMATE NORMALS FOR TODAY
                         NORMAL    RECORD    YEAR
 MAXIMUM TEMPERATURE (F)   38        62      1981
 MINIMUM TEMPERATURE (F)   24        -4      1899


SUNRISE AND SUNSET
FEBRUARY 11 2016......SUNRISE   647 AM EST   SUNSET   511 PM EST
FEBRUARY 12 2016......SUNRISE   645 AM EST   SUNSET   512 PM EST


-  INDICATES NEGATIVE NUMBERS.
R  INDICATES RECORD WAS SET OR TIED.
MM INDICATES DATA IS MISSING.
T  INDICATES TRACE AMOUNT.




$$
