000
CDUS41 KBOX 082141
CLIBOS


CLIMATE REPORT
NATIONAL WEATHER SERVICE TAUNTON MA
533 PM EDT THU JUN 8 2017


...................................

...THE BOSTON MA CLIMATE SUMMARY FOR JUNE 8 2017...
VALID AS OF 0500 PM LOCAL TIME.

CLIMATE NORMAL PERIOD 1981 TO 2010
CLIMATE RECORD PERIOD 1872 TO 2017


WEATHER ITEM   OBSERVED TIME   RECORD YEAR NORMAL DEPARTURE LAST
                VALUE   (LST)  VALUE       VALUE  FROM      YEAR
                                                  NORMAL
..................................................................
TEMPERATURE (F)
 TODAY
  MAXIMUM         71    109 PM  97    1984  74     -3       74
  MINIMUM         51    447 AM  42    1932  57     -6       57
  AVERAGE         61                        65     -4       66

PRECIPITATION (IN)
  TODAY            0.00          1.11 1947   0.14  -0.14      T
  MONTH TO DATE    1.78                      1.15   0.63     1.06
  SINCE JUN 1      1.78                      1.15   0.63     1.06
  SINCE JAN 1     22.61                     19.31   3.30    17.40

SNOWFALL (IN)
  TODAY            0.0           0.0  2002   0.0    0.0      0.0
                                      2001
                                      2000
  MONTH TO DATE    0.0                       0.0    0.0      0.0
  SINCE JUN 1      0.0                       0.0    0.0      0.0
  SINCE JUL 1     47.6                      43.8    3.8     36.1
  SNOW DEPTH      MM

DEGREE DAYS
 HEATING
  TODAY            4                         3      1        0
  MONTH TO DATE   48                        27     21        8
  SINCE JUN 1     48                        27     21        8
  SINCE JUL 1   5252                      5653   -401     4795

 COOLING
  TODAY            0                         3     -3        1
  MONTH TO DATE    3                        20    -17       22
  SINCE JUN 1      3                        20    -17       22
  SINCE JAN 1     63                        50     13       67
..................................................................


WIND (MPH)
  HIGHEST WIND SPEED    17   HIGHEST WIND DIRECTION     E (100)
  HIGHEST GUST SPEED    21   HIGHEST GUST DIRECTION     E (100)
  AVERAGE WIND SPEED     7.4


SKY COVER
  POSSIBLE SUNSHINE  MM
  AVERAGE SKY COVER 0.4


WEATHER CONDITIONS
 THE FOLLOWING WEATHER WAS RECORDED TODAY.
  NO SIGNIFICANT WEATHER WAS OBSERVED.


RELATIVE HUMIDITY (PERCENT)
 HIGHEST    96           300 AM
 LOWEST     53           200 PM
 AVERAGE    75

..........................................................


THE BOSTON MA CLIMATE NORMALS FOR TOMORROW
                         NORMAL    RECORD    YEAR
 MAXIMUM TEMPERATURE (F)   74        96      1984
 MINIMUM TEMPERATURE (F)   58        47      1980
                                             1948
                                             1947


SUNRISE AND SUNSET
JUNE  8 2017..........SUNRISE   507 AM EDT   SUNSET   819 PM EDT
JUNE  9 2017..........SUNRISE   507 AM EDT   SUNSET   820 PM EDT


-  INDICATES NEGATIVE NUMBERS.
R  INDICATES RECORD WAS SET OR TIED.
MM INDICATES DATA IS MISSING.
T  INDICATES TRACE AMOUNT.




$$
