000
CDUS41 KBOX 210550
CLIBOS


CLIMATE REPORT
NATIONAL WEATHER SERVICE TAUNTON MA
1244 AM EST SAT FEB 21 2015


...................................

...THE BOSTON MA CLIMATE SUMMARY FOR FEBRUARY 20 2015...

CLIMATE NORMAL PERIOD 1981 TO 2010
CLIMATE RECORD PERIOD 1872 TO 2015


WEATHER ITEM   OBSERVED TIME   RECORD YEAR NORMAL DEPARTURE LAST
                VALUE   (LST)  VALUE       VALUE  FROM      YEAR
                                                  NORMAL
..................................................................
TEMPERATURE (F)
 YESTERDAY
  MAXIMUM         20    353 PM  68    1930  40    -20       48
  MINIMUM          5    752 AM   0    1950  26    -21       33
  AVERAGE         13                        33    -20       41

PRECIPITATION (IN)
  YESTERDAY        0.00          1.87 1934   0.11  -0.11     0.08
  MONTH TO DATE    3.00                      2.25   0.75     3.89
  SINCE DEC 1     13.13                      9.39   3.74    11.75
  SINCE JAN 1      6.57                      5.61   0.96     7.13

SNOWFALL (IN)
  YESTERDAY        0.0          16.5  1921   0.4   -0.4       T
  MONTH TO DATE   61.5                       7.8   53.7     22.5
  SINCE DEC 1     96.1                      29.7   66.4     56.0
  SINCE JUL 1     98.7                      31.0   67.7     56.0
  SNOW DEPTH      MM

DEGREE DAYS
 HEATING
  YESTERDAY       52                        32     20       24
  MONTH TO DATE  932                       679    253      730
  SINCE DEC 1   2953                      2734    219     2860
  SINCE JUL 1   3966                      3789    177     3876

 COOLING
  YESTERDAY        0                         0      0        0
  MONTH TO DATE    0                         0      0        0
  SINCE DEC 1      0                         0      0        0
  SINCE JAN 1      0                         0      0        0
..................................................................


WIND (MPH)
  RESULTANT WIND SPEED  19   RESULTANT WIND DIRECTION   W (270)
  HIGHEST WIND SPEED    28   HIGHEST WIND DIRECTION     W (270)
  HIGHEST GUST SPEED    35   HIGHEST GUST DIRECTION     W (260)
  AVERAGE WIND SPEED    18.6


SKY COVER
  POSSIBLE SUNSHINE  MM
  AVERAGE SKY COVER 0.2


WEATHER CONDITIONS
 THE FOLLOWING WEATHER WAS RECORDED YESTERDAY.
  NO SIGNIFICANT WEATHER WAS OBSERVED.


RELATIVE HUMIDITY (PERCENT)
 HIGHEST    55           100 AM
 LOWEST     34           500 PM
 AVERAGE    45

..........................................................


THE BOSTON MA CLIMATE NORMALS FOR TODAY
                         NORMAL    RECORD    YEAR
 MAXIMUM TEMPERATURE (F)   40        63      1906
 MINIMUM TEMPERATURE (F)   26        -1      1950


SUNRISE AND SUNSET
FEBRUARY 21 2015......SUNRISE   632 AM EST   SUNSET   524 PM EST
FEBRUARY 22 2015......SUNRISE   631 AM EST   SUNSET   525 PM EST


-  INDICATES NEGATIVE NUMBERS.
R  INDICATES RECORD WAS SET OR TIED.
MM INDICATES DATA IS MISSING.
T  INDICATES TRACE AMOUNT.




$$
