000
CDUS41 KBOX 090544
CLIBOS


CLIMATE REPORT
NATIONAL WEATHER SERVICE TAUNTON MA
134 AM EDT TUE MAY 9 2017


...................................

...THE BOSTON MA CLIMATE SUMMARY FOR MAY 8 2017...

CLIMATE NORMAL PERIOD 1981 TO 2010
CLIMATE RECORD PERIOD 1872 TO 2017


WEATHER ITEM   OBSERVED TIME   RECORD YEAR NORMAL DEPARTURE LAST
                VALUE   (LST)  VALUE       VALUE  FROM      YEAR
                                                  NORMAL
..................................................................
TEMPERATURE (F)
 YESTERDAY
  MAXIMUM         55    139 PM  87    1964  64     -9       63
                                      1895
  MINIMUM         44   1159 PM  34    1956  48     -4       46
  AVERAGE         50                        56     -6       55

PRECIPITATION (IN)
  YESTERDAY        T             1.42 1886   0.10  -0.10     0.02
  MONTH TO DATE    0.93                      0.85   0.08     1.33
  SINCE MAR 1     10.84                      8.91   1.93     7.40
  SINCE JAN 1     18.31                     15.52   2.79    14.84

SNOWFALL (IN)
  YESTERDAY        0.0           0.9  1938   0.0    0.0      0.0
  MONTH TO DATE    0.0                       0.1   -0.1      0.0
  SINCE MAR 1     11.3                       9.8    1.5     10.7
  SINCE JUL 1     47.6                      43.9    3.7     36.1
  SNOW DEPTH      MM

DEGREE DAYS
 HEATING
  YESTERDAY       15                        10      5       10
  MONTH TO DATE   97                        88      9      131
  SINCE MAR 1   1458                      1427     31     1354
  SINCE JUL 1   4997                      5469   -472     4684

 COOLING
  YESTERDAY        0                         0      0        0
  MONTH TO DATE    0                         0      0        0
  SINCE MAR 1     19                         3     16        3
  SINCE JAN 1     19                         3     16        3
..................................................................


WIND (MPH)
  RESULTANT WIND SPEED  13   RESULTANT WIND DIRECTION   W (260)
  HIGHEST WIND SPEED    24   HIGHEST WIND DIRECTION    SW (220)
  HIGHEST GUST SPEED    29   HIGHEST GUST DIRECTION    SW (230)
  AVERAGE WIND SPEED    13.5


SKY COVER
  POSSIBLE SUNSHINE  MM
  AVERAGE SKY COVER 0.7


WEATHER CONDITIONS
 THE FOLLOWING WEATHER WAS RECORDED YESTERDAY.
  LIGHT RAIN


RELATIVE HUMIDITY (PERCENT)
 HIGHEST    74          1200 AM
 LOWEST     39           700 PM
 AVERAGE    57

..........................................................


THE BOSTON MA CLIMATE NORMALS FOR TODAY
                         NORMAL    RECORD    YEAR
 MAXIMUM TEMPERATURE (F)   64        95      1979
 MINIMUM TEMPERATURE (F)   48        35      1977


SUNRISE AND SUNSET
MAY  9 2017...........SUNRISE   529 AM EDT   SUNSET   753 PM EDT
MAY 10 2017...........SUNRISE   528 AM EDT   SUNSET   754 PM EDT


-  INDICATES NEGATIVE NUMBERS.
R  INDICATES RECORD WAS SET OR TIED.
MM INDICATES DATA IS MISSING.
T  INDICATES TRACE AMOUNT.




$$
