000
CDUS41 KBTV 010544
CLIBTV

CLIMATE REPORT
NATIONAL WEATHER SERVICE BURLINGTON VT
142 AM EDT MON SEP 1 2014

...................................

...THE BURLINGTON VT CLIMATE SUMMARY FOR AUGUST 31 2014...

CLIMATE NORMAL PERIOD 1981 TO 2010
CLIMATE RECORD PERIOD 1884 TO 2014


WEATHER ITEM   OBSERVED TIME   RECORD YEAR NORMAL DEPARTURE LAST
                VALUE   (LST)  VALUE       VALUE  FROM      YEAR
                                                  NORMAL
..................................................................
TEMPERATURE (F)
 YESTERDAY
  MAXIMUM         77   1146 AM  92    2010  76      1       76
  MINIMUM         69    606 AM  35    1976  56     13       70
                                      1965
  AVERAGE         73                        66      7       73

PRECIPITATION (IN)
  YESTERDAY        0.08          2.42 2005   0.11  -0.03      T
  MONTH TO DATE    2.05                      3.91  -1.86     3.07
  SINCE JUN 1     11.94                     11.76   0.18    17.42
  SINCE JAN 1     25.70                     24.07   1.63    32.69

SNOWFALL (IN)
  YESTERDAY        0.0           0.0  2002   0.0    0.0      0.0
                                      2001
  MONTH TO DATE    0.0                       0.0    0.0      0.0
  SINCE JUN 1      0.0                       0.0    0.0      0.0
  SINCE JUL 1      0.0                       0.0    0.0      0.0
  SNOW DEPTH       0

DEGREE DAYS
 HEATING
  YESTERDAY        0                         2     -2        0
  MONTH TO DATE   12                        32    -20        9
  SINCE JUN 1     33                       115    -82       81
  SINCE JUL 1     13                        42    -29       16

 COOLING
  YESTERDAY        8                         3      5        8
  MONTH TO DATE  143                       145     -2      153
  SINCE JUN 1    471                       429     42      553
  SINCE JAN 1    493                       448     45      600
..................................................................


WIND (MPH)
  HIGHEST WIND SPEED    23   HIGHEST WIND DIRECTION     S (190)
  HIGHEST GUST SPEED    32   HIGHEST GUST DIRECTION     S (200)
  AVERAGE WIND SPEED    13.3


SKY COVER
  POSSIBLE SUNSHINE  MM
  AVERAGE SKY COVER 0.8


WEATHER CONDITIONS
 THE FOLLOWING WEATHER WAS RECORDED YESTERDAY.
  RAIN
  LIGHT RAIN


RELATIVE HUMIDITY (PERCENT)
 HIGHEST    90          1000 PM
 LOWEST     68          1200 AM
 AVERAGE    79

..........................................................


THE BURLINGTON VT CLIMATE NORMALS FOR TODAY
                         NORMAL    RECORD    YEAR
 MAXIMUM TEMPERATURE (F)   76        92      2010
 MINIMUM TEMPERATURE (F)   56        40      1967


SUNRISE AND SUNSET
SEPTEMBER  1 2014.....SUNRISE   615 AM EDT   SUNSET   729 PM EDT
SEPTEMBER  2 2014.....SUNRISE   616 AM EDT   SUNSET   727 PM EDT


-  INDICATES NEGATIVE NUMBERS.
R  INDICATES RECORD WAS SET OR TIED.
MM INDICATES DATA IS MISSING.
T  INDICATES TRACE AMOUNT.

&&

LAKE CHAMPLAIN DATA:
LEVEL...............95.46 FEET
TEMPERATURE.........73 DEGREES

MOUNT MANSFIELD DATA:
HIGH................64 DEGREES
LOW.................56 DEGREES
PRECIPITATION.......0.33 INCHES

$$
