000
CDUS41 KBTV 100537
CLIBTV

CLIMATE REPORT
NATIONAL WEATHER SERVICE BURLINGTON VT
1233 AM EST WED FEB 10 2016

...................................

...THE BURLINGTON VT CLIMATE SUMMARY FOR FEBRUARY 9 2016...

CLIMATE NORMAL PERIOD 1981 TO 2010
CLIMATE RECORD PERIOD 1884 TO 2016


WEATHER ITEM   OBSERVED TIME   RECORD YEAR NORMAL DEPARTURE LAST
                VALUE   (LST)  VALUE       VALUE  FROM      YEAR
                                                  NORMAL
..................................................................
TEMPERATURE (F)
 YESTERDAY
  MAXIMUM         28    355 PM  53    1925  29     -1       15
  MINIMUM         19    722 AM -28    1934  11      8        9
  AVERAGE         24                        20      4       12

PRECIPITATION (IN)
  YESTERDAY        0.06          0.97 1906   0.06   0.00      T
  MONTH TO DATE    0.32                      0.57  -0.25     0.78
  SINCE DEC 1      5.95                      5.01   0.94     4.92
  SINCE JAN 1      1.51                      2.63  -1.12     2.07

SNOWFALL (IN)
  YESTERDAY        1.2           4.6  1982   0.6    0.6       T
  MONTH TO DATE    1.6                       5.5   -3.9     14.2
  SINCE DEC 1     21.8                      44.5  -22.7     56.8
  SINCE JUL 1     22.0                      49.9  -27.9     67.4
  SNOW DEPTH       1

DEGREE DAYS
 HEATING
  YESTERDAY       41                        45     -4       53
  MONTH TO DATE  293                       409   -116      512
  SINCE DEC 1   2322                      3058   -736     3105
  SINCE JUL 1   3561                      4603  -1042     4430

 COOLING
  YESTERDAY        0                         0      0        0
  MONTH TO DATE    0                         0      0        0
  SINCE DEC 1      0                         0      0        0
  SINCE JAN 1      0                         0      0        0
..................................................................


WIND (MPH)
  HIGHEST WIND SPEED     9   HIGHEST WIND DIRECTION     N (340)
  HIGHEST GUST SPEED    11   HIGHEST GUST DIRECTION    SW (220)
  AVERAGE WIND SPEED     3.8


SKY COVER
  POSSIBLE SUNSHINE  MM
  AVERAGE SKY COVER 0.9


WEATHER CONDITIONS
 THE FOLLOWING WEATHER WAS RECORDED YESTERDAY.
  LIGHT SNOW
  FOG
  HAZE


RELATIVE HUMIDITY (PERCENT)
 HIGHEST    88          1100 PM
 LOWEST     63           300 PM
 AVERAGE    76

..........................................................


THE BURLINGTON VT CLIMATE NORMALS FOR TODAY
                         NORMAL    RECORD    YEAR
 MAXIMUM TEMPERATURE (F)   29        46      2001
                                             1925
 MINIMUM TEMPERATURE (F)   11       -26      1948


SUNRISE AND SUNSET
FEBRUARY 10 2016......SUNRISE   700 AM EST   SUNSET   514 PM EST
FEBRUARY 11 2016......SUNRISE   659 AM EST   SUNSET   515 PM EST


-  INDICATES NEGATIVE NUMBERS.
R  INDICATES RECORD WAS SET OR TIED.
MM INDICATES DATA IS MISSING.
T  INDICATES TRACE AMOUNT.

&&

LAKE CHAMPLAIN DATA:
LEVEL...............95.98 FEET
TEMPERATURE.........37 DEGREES

MOUNT MANSFIELD DATA:
HIGH................20 DEGREES
LOW.................6 DEGREES
PRECIPITATION.......0.15 INCHES
NEW SNOW............1.5 INCHES
SNOW AT STAKE.......22 INCHES

$$
