000
CDUS41 KBTV 230529
CLIBTV


CLIMATE REPORT
NATIONAL WEATHER SERVICE BURLINGTON VT
129 AM EDT WED JUL 23 2014


...................................

...THE BURLINGTON VT CLIMATE SUMMARY FOR JULY 22 2014...

CLIMATE NORMAL PERIOD 1981 TO 2010
CLIMATE RECORD PERIOD 1884 TO 2014


WEATHER ITEM   OBSERVED TIME   RECORD YEAR NORMAL DEPARTURE LAST
                VALUE   (LST)  VALUE       VALUE  FROM      YEAR
                                                  NORMAL
..................................................................
TEMPERATURE (F)
 YESTERDAY
  MAXIMUM         90    234 PM  97    1955  81      9       84
  MINIMUM         68    404 AM  44    1914  61      7       55
  AVERAGE         79                        71      8       70

PRECIPITATION (IN)
  YESTERDAY        0.00          2.03 1980   0.13  -0.13     0.07
  MONTH TO DATE    2.42                      2.94  -0.52     3.58
  SINCE JUN 1      6.77                      6.63   0.14    13.44
  SINCE JAN 1     20.53                     18.94   1.59    28.71

SNOWFALL (IN)
  YESTERDAY        0.0           0.0  2002   0.0    0.0      0.0
                                      2001
  MONTH TO DATE    0.0                       0.0    0.0      0.0
  SINCE JUN 1      0.0                       0.0    0.0      0.0
  SINCE JUL 1      0.0                       0.0    0.0      0.0
  SNOW DEPTH       0

DEGREE DAYS
 HEATING
  YESTERDAY        0                         0      0        0
  MONTH TO DATE    0                         8     -8        0
  SINCE JUN 1     20                        81    -61       65
  SINCE JUL 1      0                         8     -8        0

 COOLING
  YESTERDAY       14                         6      8        5
  MONTH TO DATE  180                       132     48      245
  SINCE JUN 1    300                       229     71      360
  SINCE JAN 1    322                       248     74      407
..................................................................


WIND (MPH)
  HIGHEST WIND SPEED    15   HIGHEST WIND DIRECTION     S (190)
  HIGHEST GUST SPEED    19   HIGHEST GUST DIRECTION     S (190)
  AVERAGE WIND SPEED     6.7


SKY COVER
  POSSIBLE SUNSHINE  MM
  AVERAGE SKY COVER 0.3


WEATHER CONDITIONS
 THE FOLLOWING WEATHER WAS RECORDED YESTERDAY.
  NO SIGNIFICANT WEATHER WAS OBSERVED.


RELATIVE HUMIDITY (PERCENT)
 HIGHEST    81           400 AM
 LOWEST     43           200 PM
 AVERAGE    62

..........................................................


THE BURLINGTON VT CLIMATE NORMALS FOR TODAY
                         NORMAL    RECORD    YEAR
 MAXIMUM TEMPERATURE (F)   81        93      2011
                                             1952
 MINIMUM TEMPERATURE (F)   61        46      1977
                                             1923


SUNRISE AND SUNSET
JULY 23 2014..........SUNRISE   530 AM EDT   SUNSET   828 PM EDT
JULY 24 2014..........SUNRISE   531 AM EDT   SUNSET   827 PM EDT


-  INDICATES NEGATIVE NUMBERS.
R  INDICATES RECORD WAS SET OR TIED.
MM INDICATES DATA IS MISSING.
T  INDICATES TRACE AMOUNT.




$$
