391
CDUS41 KBTV 220613
CLIBTV

CLIMATE REPORT
NATIONAL WEATHER SERVICE BURLINGTON VT
213 AM EDT FRI SEP 22 2017

...................................

...THE BURLINGTON VT CLIMATE SUMMARY FOR SEPTEMBER 21 2017...

CLIMATE NORMAL PERIOD 1981 TO 2010
CLIMATE RECORD PERIOD 1884 TO 2017


WEATHER ITEM   OBSERVED TIME   RECORD YEAR NORMAL DEPARTURE LAST
                VALUE   (LST)  VALUE       VALUE  FROM      YEAR
                                                  NORMAL
..................................................................
TEMPERATURE (F)
 YESTERDAY
  MAXIMUM         79    309 PM  89    1914  68     11       82
  MINIMUM         57   1159 PM  29    1929  49      8       55
  AVERAGE         68                        58     10       69

PRECIPITATION (IN)
  YESTERDAY        0.00          3.11 1983   0.13  -0.13     0.00
  MONTH TO DATE    2.78                      2.46   0.32     0.74
  SINCE SEP 1      2.78                      2.46   0.32     0.74
  SINCE JAN 1     32.48                     26.53   5.95    19.94

SNOWFALL (IN)
  YESTERDAY        0.0           0.0  2002   0.0    0.0      0.0
                                      2001
  MONTH TO DATE    0.0                       0.0    0.0      0.0
  SINCE SEP 1      0.0                       0.0    0.0      0.0
  SINCE JUL 1      0.0                       0.0    0.0      0.0
  SNOW DEPTH       0

DEGREE DAYS
 HEATING
  YESTERDAY        0                         7     -7        0
  MONTH TO DATE   59                        91    -32       22
  SINCE SEP 1     59                        91    -32       22
  SINCE JUL 1     82                       133    -51       27

 COOLING
  YESTERDAY        3                         1      2        4
  MONTH TO DATE   57                        39     18      102
  SINCE SEP 1     57                        39     18      102
  SINCE JAN 1    574                       487     87      846
..................................................................


WIND (MPH)
  HIGHEST WIND SPEED    17   HIGHEST WIND DIRECTION    NW (330)
  HIGHEST GUST SPEED    22   HIGHEST GUST DIRECTION    NW (330)
  AVERAGE WIND SPEED     6.0


SKY COVER
  POSSIBLE SUNSHINE  MM
  AVERAGE SKY COVER 0.7


WEATHER CONDITIONS
 THE FOLLOWING WEATHER WAS RECORDED YESTERDAY.
  FOG


RELATIVE HUMIDITY (PERCENT)
 HIGHEST   100           300 AM
 LOWEST     50           400 PM
 AVERAGE    75

..........................................................


THE BURLINGTON VT CLIMATE NORMALS FOR TODAY
                         NORMAL    RECORD    YEAR
 MAXIMUM TEMPERATURE (F)   68        88      1965
                                             1914
 MINIMUM TEMPERATURE (F)   48        31      1962


SUNRISE AND SUNSET
SEPTEMBER 22 2017.....SUNRISE   640 AM EDT   SUNSET   650 PM EDT
SEPTEMBER 23 2017.....SUNRISE   641 AM EDT   SUNSET   648 PM EDT


-  INDICATES NEGATIVE NUMBERS.
R  INDICATES RECORD WAS SET OR TIED.
MM INDICATES DATA IS MISSING.
T  INDICATES TRACE AMOUNT.

&&

LAKE CHAMPLAIN DATA:
LEVEL...............95.32 FEET
TEMPERATURE.........70 DEGREES

MOUNT MANSFIELD DATA:
HIGH................67 DEGREES
LOW.................54 DEGREES
PRECIPITATION.......NONE

$$
