000
CDUS41 KALY 160626
CLIPOU


CLIMATE REPORT
NATIONAL WEATHER SERVICE ALBANY NY
226 AM EDT TUE SEP 16 2014




THE POUGHKEEPSIE NY CLIMATE SUMMARY FOR SEPTEMBER 15 2014...

CLIMATE NORMAL PERIOD 1981 TO 2010
CLIMATE RECORD PERIOD 1949 TO 2014


WEATHER ITEM   OBSERVED TIME   RECORD YEAR NORMAL DEPARTURE LAST
                VALUE   (LST)  VALUE       VALUE  FROM      YEAR
                                                  NORMAL

TEMPERATURE (F)
 YESTERDAY
  MAXIMUM         70    209 PM  86    2005  75     -5       70
  MINIMUM         42    244 AM  32    1963  52    -10       41
  AVERAGE         56                        64     -8       56

PRECIPITATION (IN)
  YESTERDAY        0.00          2.78 2006   0.15  -0.15     0.00
  MONTH TO DATE    0.33                      2.08  -1.75     1.62
  SINCE SEP 1      0.33                      2.08  -1.75     1.62
  SINCE JAN 1     25.00                     32.86  -7.86    31.84

DEGREE DAYS
 HEATING
  YESTERDAY        9                         4      5        9
  MONTH TO DATE   32                        34     -2       39
  SINCE SEP 1     32                        34     -2       39
  SINCE JUL 1     37                        51    -14       42

 COOLING
  YESTERDAY        0                         2     -2        0
  MONTH TO DATE   73                        47     26       64
  SINCE SEP 1     73                        47     26       64
  SINCE JAN 1    670                       651     19      821



WIND (MPH)
  HIGHEST WIND SPEED     9   HIGHEST WIND DIRECTION     W (250)
  HIGHEST GUST SPEED    13   HIGHEST GUST DIRECTION     N (10)
  AVERAGE WIND SPEED     1.5


SKY COVER
  AVERAGE SKY COVER 0.2



RELATIVE HUMIDITY (PERCENT)
 HIGHEST    96           200 AM
 LOWEST     37           200 PM
 AVERAGE    67




THE POUGHKEEPSIE NY CLIMATE NORMALS FOR TODAY
                         NORMAL    RECORD    YEAR
 MAXIMUM TEMPERATURE (F)   75        95      1991
 MINIMUM TEMPERATURE (F)   51        30      1964


SUNRISE AND SUNSET
SEPTEMBER 16 2014.....SUNRISE   637 AM EDT   SUNSET   703 PM EDT
SEPTEMBER 17 2014.....SUNRISE   638 AM EDT   SUNSET   701 PM EDT


-  INDICATES NEGATIVE NUMBERS.
R  INDICATES RECORD WAS SET OR TIED.
MM INDICATES DATA IS MISSING.
T  INDICATES TRACE AMOUNT.





RECORDS FOR KPOU DATE BACK TO 1949...
HOWEVER...DATA IS MISSING FROM JANUARY 1993 - JULY 2000.
$$
