000
CDUS41 KALY 050631
CLIPOU


CLIMATE REPORT
NATIONAL WEATHER SERVICE ALBANY NY
128 AM EST THU JAN 5 2017


...................................

...THE POUGHKEEPSIE NY CLIMATE SUMMARY FOR JANUARY 4 2017...

CLIMATE NORMAL PERIOD 1981 TO 2010
CLIMATE RECORD PERIOD 1949 TO 2017


WEATHER ITEM   OBSERVED TIME   RECORD YEAR NORMAL DEPARTURE LAST
                VALUE   (LST)  VALUE       VALUE  FROM      YEAR
                                                  NORMAL
..................................................................
TEMPERATURE (F)
 YESTERDAY
  MAXIMUM         47    246 PM  64    1950  35     12       38
  MINIMUM         30   1159 PM -18    1981  17     13       13
  AVERAGE         39                        26     13       26

PRECIPITATION (IN)
  YESTERDAY        0.02          1.92 1982   0.10  -0.08      T
  MONTH TO DATE    0.48                      0.41   0.07      T
  SINCE DEC 1      3.08                      3.94  -0.86     3.90
  SINCE JAN 1      0.48                      0.41   0.07      T

DEGREE DAYS
 HEATING
  YESTERDAY       26                        39    -13       39
  MONTH TO DATE  123                       156    -33      128
  SINCE DEC 1   1163                      1207    -44      762
  SINCE JUL 1   2309                      2485   -176     1750

 COOLING
  YESTERDAY        0                         0      0        0
  MONTH TO DATE    0                         0      0        0
  SINCE DEC 1      0                         0      0        0
  SINCE JAN 1      0                         0      0        0
..................................................................


WIND (MPH)
  HIGHEST WIND SPEED    25   HIGHEST WIND DIRECTION     W (270)
  HIGHEST GUST SPEED    32   HIGHEST GUST DIRECTION     W (270)
  AVERAGE WIND SPEED     8.1


SKY COVER
  AVERAGE SKY COVER 0.7



RELATIVE HUMIDITY (PERCENT)
 HIGHEST   100          1200 AM
 LOWEST     38           900 PM
 AVERAGE    69

..........................................................


THE POUGHKEEPSIE NY CLIMATE NORMALS FOR TODAY
                         NORMAL    RECORD    YEAR
 MAXIMUM TEMPERATURE (F)   35        63      1950
 MINIMUM TEMPERATURE (F)   16       -10      1970


SUNRISE AND SUNSET
JANUARY  5 2017.......SUNRISE   722 AM EST   SUNSET   440 PM EST
JANUARY  6 2017.......SUNRISE   722 AM EST   SUNSET   441 PM EST


-  INDICATES NEGATIVE NUMBERS.
R  INDICATES RECORD WAS SET OR TIED.
MM INDICATES DATA IS MISSING.
T  INDICATES TRACE AMOUNT.




RECORDS FOR KPOU DATE BACK TO 1949...
HOWEVER...DATA IS MISSING FROM JANUARY 1993 - JULY 2000.
$$
