031
CDUS41 KALY 140627
CLIPOU


CLIMATE REPORT
NATIONAL WEATHER SERVICE ALBANY NY
227 AM EDT THU SEP 14 2017


...................................

...THE POUGHKEEPSIE NY CLIMATE SUMMARY FOR SEPTEMBER 13 2017...

CLIMATE NORMAL PERIOD 1981 TO 2010
CLIMATE RECORD PERIOD 1949 TO 2017


WEATHER ITEM   OBSERVED TIME   RECORD YEAR NORMAL DEPARTURE LAST
                VALUE   (LST)  VALUE       VALUE  FROM      YEAR
                                                  NORMAL
..................................................................
TEMPERATURE (F)
 YESTERDAY
  MAXIMUM         80    323 PM  94    2005  76      4       82
  MINIMUM         49    544 AM  36    1985  52     -3       49
  AVERAGE         65                        64      1       66

PRECIPITATION (IN)
  YESTERDAY        0.00          1.64 1987   0.14  -0.14     0.00
  MONTH TO DATE    1.36                      1.79  -0.43     0.24
  SINCE SEP 1      1.36                      1.79  -0.43     0.24
  SINCE JAN 1     30.46                     32.57  -2.11    22.56

DEGREE DAYS
 HEATING
  YESTERDAY        0                         3     -3        0
  MONTH TO DATE   65                        27     38        4
  SINCE SEP 1     65                        27     38        4
  SINCE JUL 1     85                        44     41        6

 COOLING
  YESTERDAY        0                         2     -2        1
  MONTH TO DATE   11                        43    -32       72
  SINCE SEP 1     11                        43    -32       72
  SINCE JAN 1    585                       647    -62     1014
..................................................................


WIND (MPH)
  HIGHEST WIND SPEED    10   HIGHEST WIND DIRECTION    SW (240)
  HIGHEST GUST SPEED    14   HIGHEST GUST DIRECTION    SW (230)
  AVERAGE WIND SPEED     3.0


SKY COVER
  AVERAGE SKY COVER 0.4



RELATIVE HUMIDITY (PERCENT)
 HIGHEST    96           200 AM
 LOWEST     39           200 PM
 AVERAGE    68

..........................................................


THE POUGHKEEPSIE NY CLIMATE NORMALS FOR TODAY
                         NORMAL    RECORD    YEAR
 MAXIMUM TEMPERATURE (F)   76        89      2016
                                             2005
 MINIMUM TEMPERATURE (F)   52        33      1963


SUNRISE AND SUNSET
SEPTEMBER 14 2017.....SUNRISE   635 AM EDT   SUNSET   706 PM EDT
SEPTEMBER 15 2017.....SUNRISE   636 AM EDT   SUNSET   704 PM EDT


-  INDICATES NEGATIVE NUMBERS.
R  INDICATES RECORD WAS SET OR TIED.
MM INDICATES DATA IS MISSING.
T  INDICATES TRACE AMOUNT.




RECORDS FOR KPOU DATE BACK TO 1949...
HOWEVER...DATA IS MISSING FROM JANUARY 1993 - JULY 2000.
$$
