000
CDUS41 KBOX 141005
CLIPVD


CLIMATE REPORT
NATIONAL WEATHER SERVICE TAUNTON MA
505 AM EST SAT JAN 14 2017


...................................

...THE PROVIDENCE RI CLIMATE SUMMARY FOR JANUARY 12 2017...

CLIMATE NORMAL PERIOD 1981 TO 2010
CLIMATE RECORD PERIOD 1904 TO 2017


WEATHER ITEM   OBSERVED TIME   RECORD YEAR NORMAL DEPARTURE LAST
                VALUE   (LST)  VALUE       VALUE  FROM      YEAR
                                                  NORMAL
..................................................................
TEMPERATURE (F)
 YESTERDAY
  MAXIMUM         60R   234 PM  59    1975  37     23       40
  MINIMUM         44   1259 AM  -8    1981  21     23       18
  AVERAGE         52                        29     23       29

PRECIPITATION (IN)
  YESTERDAY        0.36          1.54 2012   0.13   0.23     0.22
  MONTH TO DATE    2.40                      1.48   0.92     1.63
  SINCE DEC 1      5.54                      5.70  -0.16     6.43
  SINCE JAN 1      2.40                      1.48   0.92     1.63

SNOWFALL (IN)
  YESTERDAY        0.0          12.2  2011   0.3   -0.3       T
  MONTH TO DATE   14.1                       3.6   10.5      0.3
  SINCE DEC 1     18.5                      12.3    6.2      0.9
  SINCE JUL 1     18.5                      13.8    4.7      0.9
  SNOW DEPTH       0

DEGREE DAYS
 HEATING
  YESTERDAY       13                        36    -23       36
  MONTH TO DATE  392                       428    -36      379
  SINCE DEC 1   1320                      1380    -60      962
  SINCE JUL 1   2207                      2455   -248     1843

 COOLING
  YESTERDAY        0                         0      0        0
  MONTH TO DATE    0                         0      0        0
  SINCE DEC 1      0                         0      0        0
  SINCE JAN 1      0                         0      0        0
..................................................................


WIND (MPH)
  RESULTANT WIND SPEED  12   RESULTANT WIND DIRECTION  SW (210)
  HIGHEST WIND SPEED    22   HIGHEST WIND DIRECTION    SW (220)
  HIGHEST GUST SPEED    29   HIGHEST GUST DIRECTION    SW (220)
  AVERAGE WIND SPEED    11.6


SKY COVER
  POSSIBLE SUNSHINE  MM
  AVERAGE SKY COVER 0.8


WEATHER CONDITIONS
 THE FOLLOWING WEATHER WAS RECORDED YESTERDAY.
  RAIN
  LIGHT RAIN
  FOG


RELATIVE HUMIDITY (PERCENT)
 HIGHEST    93           200 AM
 LOWEST     72           100 PM
 AVERAGE    83

..........................................................


THE PROVIDENCE RI CLIMATE NORMALS FOR TODAY
                         NORMAL    RECORD    YEAR
 MAXIMUM TEMPERATURE (F)   37        61      1995
 MINIMUM TEMPERATURE (F)   21        -6      1912


SUNRISE AND SUNSET
JANUARY 13 2017.......SUNRISE   711 AM EST   SUNSET   438 PM EST
JANUARY 14 2017.......SUNRISE   711 AM EST   SUNSET   439 PM EST


-  INDICATES NEGATIVE NUMBERS.
R  INDICATES RECORD WAS SET OR TIED.
MM INDICATES DATA IS MISSING.
T  INDICATES TRACE AMOUNT.




$$
