000
CDUS41 KBOX 210530
CLIPVD


CLIMATE REPORT
NATIONAL WEATHER SERVICE TAUNTON MA
129 AM EDT THU JUL 21 2016


...................................

...THE PROVIDENCE RI CLIMATE SUMMARY FOR JULY 20 2016...

CLIMATE NORMAL PERIOD 1981 TO 2010
CLIMATE RECORD PERIOD 1904 TO 2016


WEATHER ITEM   OBSERVED TIME   RECORD YEAR NORMAL DEPARTURE LAST
                VALUE   (LST)  VALUE       VALUE  FROM      YEAR
                                                  NORMAL
..................................................................
TEMPERATURE (F)
 YESTERDAY
  MAXIMUM         83    319 PM 101    1991  83      0       93
  MINIMUM         59    427 AM  54    1939  65     -6       74
  AVERAGE         71                        74     -3       84

PRECIPITATION (IN)
  YESTERDAY        0.00          1.51 1982   0.10  -0.10     0.00
  MONTH TO DATE    2.07                      2.00   0.07     1.74
  SINCE JUN 1      3.12                      5.64  -2.52     7.09
  SINCE JAN 1     21.24                     25.71  -4.47    24.04

SNOWFALL (IN)
  YESTERDAY        0.0           0.0  2002   0.0    0.0      0.0
                                      2001
                                      2000
  MONTH TO DATE    0.0                       0.0    0.0      0.0
  SINCE JUN 1      0.0                       0.0    0.0      0.0
  SINCE JUL 1      0.0                       0.0    0.0      0.0
  SNOW DEPTH       0

DEGREE DAYS
 HEATING
  YESTERDAY        0                         0      0        0
  MONTH TO DATE    0                         0      0        0
  SINCE JUN 1     12                        43    -31       72
  SINCE JUL 1      0                         0      0        0

 COOLING
  YESTERDAY        6                         9     -3       19
  MONTH TO DATE  194                       168     26      182
  SINCE JUN 1    329                       300     29      300
  SINCE JAN 1    380                       326     54      364
..................................................................


WIND (MPH)
  RESULTANT WIND SPEED   6   RESULTANT WIND DIRECTION  NW (310)
  HIGHEST WIND SPEED    16   HIGHEST WIND DIRECTION    NW (300)
  HIGHEST GUST SPEED    22   HIGHEST GUST DIRECTION     W (290)
  AVERAGE WIND SPEED     7.4


SKY COVER
  POSSIBLE SUNSHINE  MM
  AVERAGE SKY COVER 0.3


WEATHER CONDITIONS
 THE FOLLOWING WEATHER WAS RECORDED YESTERDAY.
  HAZE


RELATIVE HUMIDITY (PERCENT)
 HIGHEST    78           300 AM
 LOWEST     28           300 PM
 AVERAGE    53

..........................................................


THE PROVIDENCE RI CLIMATE NORMALS FOR TODAY
                         NORMAL    RECORD    YEAR
 MAXIMUM TEMPERATURE (F)   83       102      1991
 MINIMUM TEMPERATURE (F)   65        51      1966


SUNRISE AND SUNSET
JULY 21 2016..........SUNRISE   530 AM EDT   SUNSET   814 PM EDT
JULY 22 2016..........SUNRISE   531 AM EDT   SUNSET   813 PM EDT


-  INDICATES NEGATIVE NUMBERS.
R  INDICATES RECORD WAS SET OR TIED.
MM INDICATES DATA IS MISSING.
T  INDICATES TRACE AMOUNT.




$$
