000
CDUS41 KBOX 260540
CLIPVD


CLIMATE REPORT
NATIONAL WEATHER SERVICE TAUNTON MA
1237 AM EST MON JAN 26 2015


...................................

...THE PROVIDENCE RI CLIMATE SUMMARY FOR JANUARY 25 2015...

CLIMATE NORMAL PERIOD 1981 TO 2010
CLIMATE RECORD PERIOD 1904 TO 2015


WEATHER ITEM   OBSERVED TIME   RECORD YEAR NORMAL DEPARTURE LAST
                VALUE   (LST)  VALUE       VALUE  FROM      YEAR
                                                  NORMAL
..................................................................
TEMPERATURE (F)
 YESTERDAY
  MAXIMUM         38   1219 PM  60    1990  37      1       38
  MINIMUM         22   1159 PM  -3    1945  21      1       11
                                      1935
  AVERAGE         30                        29      1       25

PRECIPITATION (IN)
  YESTERDAY        0.00          1.71 1979   0.12  -0.12     0.01
  MONTH TO DATE    2.45                      3.13  -0.68     3.62
  SINCE DEC 1      8.70                      7.35   1.35     8.44
  SINCE JAN 1      2.45                      3.13  -0.68     3.62

SNOWFALL (IN)
  YESTERDAY        0.0           9.0  1941   0.3   -0.3      0.2
  MONTH TO DATE    6.0                       7.2   -1.2     14.1
  SINCE DEC 1      6.9                      15.9   -9.0     21.1
  SINCE JUL 1      8.5                      17.4   -8.9     21.2
  SNOW DEPTH       1

DEGREE DAYS
 HEATING
  YESTERDAY       35                        36     -1       40
  MONTH TO DATE  927                       896     31      929
  SINCE DEC 1   1762                      1848    -86     1905
  SINCE JUL 1   2798                      2923   -125     3008

 COOLING
  YESTERDAY        0                         0      0        0
  MONTH TO DATE    0                         0      0        0
  SINCE DEC 1      0                         0      0        0
  SINCE JAN 1      0                         0      0        0
..................................................................


WIND (MPH)
  RESULTANT WIND SPEED  12   RESULTANT WIND DIRECTION   W (280)
  HIGHEST WIND SPEED    23   HIGHEST WIND DIRECTION     W (280)
  HIGHEST GUST SPEED    33   HIGHEST GUST DIRECTION    NW (310)
  AVERAGE WIND SPEED    12.4


SKY COVER
  POSSIBLE SUNSHINE  MM
  AVERAGE SKY COVER 0.5


WEATHER CONDITIONS
 THE FOLLOWING WEATHER WAS RECORDED YESTERDAY.
  NO SIGNIFICANT WEATHER WAS OBSERVED.


RELATIVE HUMIDITY (PERCENT)
 HIGHEST    78          1200 AM
 LOWEST     36           600 PM
 AVERAGE    57

..........................................................


THE PROVIDENCE RI CLIMATE NORMALS FOR TODAY
                         NORMAL    RECORD    YEAR
 MAXIMUM TEMPERATURE (F)   38        64      1916
 MINIMUM TEMPERATURE (F)   21         1      1927
                                             1920


SUNRISE AND SUNSET
JANUARY 26 2015.......SUNRISE   704 AM EST   SUNSET   453 PM EST
JANUARY 27 2015.......SUNRISE   703 AM EST   SUNSET   455 PM EST


-  INDICATES NEGATIVE NUMBERS.
R  INDICATES RECORD WAS SET OR TIED.
MM INDICATES DATA IS MISSING.
T  INDICATES TRACE AMOUNT.




$$
