000
CDUS41 KBOX 290611
CLIPVD


CLIMATE REPORT
NATIONAL WEATHER SERVICE TAUNTON MA
200 AM EDT MON SEP 29 2014


...................................

...THE PROVIDENCE RI CLIMATE SUMMARY FOR SEPTEMBER 28 2014...

CLIMATE NORMAL PERIOD 1981 TO 2010
CLIMATE RECORD PERIOD 1904 TO 2014


WEATHER ITEM   OBSERVED TIME   RECORD YEAR NORMAL DEPARTURE LAST
                VALUE   (LST)  VALUE       VALUE  FROM      YEAR
                                                  NORMAL
..................................................................
TEMPERATURE (F)
 YESTERDAY
  MAXIMUM         86R   251 PM  84    1943  70     16       74
  MINIMUM         55    602 AM  33    1980  50      5       48
  AVERAGE         71                        60     11       61

PRECIPITATION (IN)
  YESTERDAY        0.00          1.64 2012   0.14  -0.14     0.00
  MONTH TO DATE    0.64                      3.65  -3.01     4.59
  SINCE SEP 1      0.64                      3.65  -3.01     4.59
  SINCE JAN 1     32.09                     34.25  -2.16    35.40

SNOWFALL (IN)
  YESTERDAY        0.0           0.0  2001   0.0    0.0      0.0
                                      2000
  MONTH TO DATE    0.0                       0.0    0.0      0.0
  SINCE SEP 1      0.0                       0.0    0.0      0.0
  SINCE JUL 1      0.0                       0.0    0.0      0.0
  SNOW DEPTH       0

DEGREE DAYS
 HEATING
  YESTERDAY        0                         6     -6        4
  MONTH TO DATE   67                        76     -9       92
  SINCE SEP 1     67                        76     -9       92
  SINCE JUL 1     67                        85    -18       92

 COOLING
  YESTERDAY        6                         1      5        0
  MONTH TO DATE  114                        78     36       63
  SINCE SEP 1    114                        78     36       63
  SINCE JAN 1    696                       734    -38      885
..................................................................


WIND (MPH)
  RESULTANT WIND SPEED   3   RESULTANT WIND DIRECTION  SW (230)
  HIGHEST WIND SPEED    13   HIGHEST WIND DIRECTION    SW (240)
  HIGHEST GUST SPEED    16   HIGHEST GUST DIRECTION     W (280)
  AVERAGE WIND SPEED     5.0


SKY COVER
  POSSIBLE SUNSHINE  MM
  AVERAGE SKY COVER 0.2


WEATHER CONDITIONS
 THE FOLLOWING WEATHER WAS RECORDED YESTERDAY.
  FOG


RELATIVE HUMIDITY (PERCENT)
 HIGHEST   100           600 AM
 LOWEST     42           300 PM
 AVERAGE    71

..........................................................


THE PROVIDENCE RI CLIMATE NORMALS FOR TODAY
                         NORMAL    RECORD    YEAR
 MAXIMUM TEMPERATURE (F)   69        87      1945
 MINIMUM TEMPERATURE (F)   50        33      1914


SUNRISE AND SUNSET
SEPTEMBER 29 2014.....SUNRISE   640 AM EDT   SUNSET   631 PM EDT
SEPTEMBER 30 2014.....SUNRISE   641 AM EDT   SUNSET   629 PM EDT


-  INDICATES NEGATIVE NUMBERS.
R  INDICATES RECORD WAS SET OR TIED.
MM INDICATES DATA IS MISSING.
T  INDICATES TRACE AMOUNT.




$$
